CRAN Package Check Results for Package forge

Last updated on 2023-11-30 15:48:15 CET.

Flavor Version Tinstall Tcheck Ttotal Status Flags
r-devel-linux-x86_64-debian-clang 0.2.0 2.86 32.25 35.11 NOTE
r-devel-linux-x86_64-debian-gcc 0.2.0 2.28 24.84 27.12 NOTE
r-devel-linux-x86_64-fedora-clang 0.2.0 44.58 NOTE
r-devel-linux-x86_64-fedora-gcc 0.2.0 41.32 NOTE
r-devel-windows-x86_64 0.2.0 3.00 46.00 49.00 NOTE
r-patched-linux-x86_64 0.2.0 2.89 31.69 34.58 NOTE
r-release-linux-x86_64 0.2.0 2.01 31.40 33.41 NOTE
r-release-macos-arm64 0.2.0 19.00 NOTE
r-release-macos-x86_64 0.2.0 24.00 NOTE
r-release-windows-x86_64 0.2.0 4.00 46.00 50.00 NOTE
r-oldrel-macos-arm64 0.2.0 22.00 NOTE
r-oldrel-macos-x86_64 0.2.0 27.00 NOTE
r-oldrel-windows-x86_64 0.2.0 5.00 100.00 105.00 NOTE

Check Details

Version: 0.2.0
Check: LazyData
Result: NOTE 'LazyData' is specified without a 'data' directory Flavors: r-devel-linux-x86_64-debian-clang, r-devel-linux-x86_64-debian-gcc, r-devel-linux-x86_64-fedora-clang, r-devel-linux-x86_64-fedora-gcc, r-devel-windows-x86_64, r-patched-linux-x86_64, r-release-linux-x86_64, r-release-macos-arm64, r-release-macos-x86_64, r-release-windows-x86_64, r-oldrel-macos-arm64, r-oldrel-macos-x86_64, r-oldrel-windows-x86_64