Last updated on 2023-03-26 15:52:32 CEST.
Flavor | Version | Tinstall | Tcheck | Ttotal | Status | Flags |
---|---|---|---|---|---|---|
r-devel-linux-x86_64-debian-clang | 0.6.2 | 7.64 | 59.09 | 66.73 | NOTE | |
r-devel-linux-x86_64-debian-gcc | 0.6.2 | 4.96 | 44.54 | 49.50 | NOTE | |
r-devel-linux-x86_64-fedora-gcc | 0.6.2 | 78.38 | NOTE | |||
r-patched-linux-x86_64 | 0.6.2 | 4.83 | 55.01 | 59.84 | NOTE | |
r-release-linux-x86_64 | 0.6.2 | 5.26 | 57.92 | 63.18 | NOTE | |
r-release-macos-arm64 | 0.6.2 | 24.00 | NOTE | |||
r-release-macos-x86_64 | 0.6.2 | 51.00 | NOTE | |||
r-release-windows-x86_64 | 0.6.2 | 17.00 | 88.00 | 105.00 | NOTE | |
r-oldrel-macos-arm64 | 0.6.2 | 32.00 | NOTE | |||
r-oldrel-macos-x86_64 | 0.6.2 | 46.00 | NOTE | |||
r-oldrel-windows-ix86+x86_64 | 0.6.2 | 16.00 | 86.00 | 102.00 | NOTE |
Version: 0.6.2
Check: LazyData
Result: NOTE
'LazyData' is specified without a 'data' directory
Flavors: r-devel-linux-x86_64-debian-clang, r-devel-linux-x86_64-debian-gcc, r-devel-linux-x86_64-fedora-gcc, r-patched-linux-x86_64, r-release-linux-x86_64, r-release-macos-arm64, r-release-macos-x86_64, r-release-windows-x86_64, r-oldrel-macos-arm64, r-oldrel-macos-x86_64, r-oldrel-windows-ix86+x86_64