CRAN Package Check Results for Package forecast

Last updated on 2022-05-25 04:55:25 CEST.

Flavor Version Tinstall Tcheck Ttotal Status Flags
r-devel-linux-x86_64-debian-clang 8.16 135.51 411.82 547.33 OK
r-devel-linux-x86_64-debian-gcc 8.16 105.52 298.66 404.18 OK
r-devel-linux-x86_64-fedora-clang 8.16 678.64 OK
r-devel-linux-x86_64-fedora-gcc 8.16 651.41 OK
r-devel-windows-x86_64 8.16 193.00 465.00 658.00 OK
r-patched-linux-x86_64 8.16 129.55 390.39 519.94 OK
r-release-linux-x86_64 8.16 OK
r-release-macos-arm64 8.16 216.00 WARN
r-release-macos-x86_64 8.16 218.00 WARN
r-release-windows-x86_64 8.16 202.00 448.00 650.00 OK
r-oldrel-macos-arm64 8.16 153.00 NOTE
r-oldrel-macos-x86_64 8.16 193.00 OK
r-oldrel-windows-ix86+x86_64 8.16 308.00 794.00 1102.00 OK

Check Details

Version: 8.16
Check: installed package size
Result: NOTE
     installed size is 5.3Mb
     sub-directories of 1Mb or more:
     libs 3.6Mb
Flavors: r-release-macos-arm64, r-oldrel-macos-arm64

Version: 8.16
Check: re-building of vignette outputs
Result: WARN
    Error(s) in re-building vignettes:
     ...
    --- re-building ‘JSS2008.Rmd’ using rmarkdown
    ! LaTeX Error: File `orcidlink.sty' not found.
    
    ! Emergency stop.
    <read *>
    
    Error: processing vignette 'JSS2008.Rmd' failed with diagnostics:
    LaTeX failed to compile /Volumes/Builds/packages/big-sur-arm64/results/4.2/forecast.Rcheck/vign_test/forecast/vignettes/JSS2008.tex. See https://yihui.org/tinytex/r/#debugging for debugging tips. See JSS2008.log for more info.
    --- failed re-building ‘JSS2008.Rmd’
    
    SUMMARY: processing the following file failed:
     ‘JSS2008.Rmd’
    
    Error: Vignette re-building failed.
    Execution halted
Flavor: r-release-macos-arm64

Version: 8.16
Check: re-building of vignette outputs
Result: WARN
    Error(s) in re-building vignettes:
     ...
    --- re-building ‘JSS2008.Rmd’ using rmarkdown
    ! LaTeX Error: File `orcidlink.sty' not found.
    
    ! Emergency stop.
    <read *>
    
    Error: processing vignette 'JSS2008.Rmd' failed with diagnostics:
    LaTeX failed to compile /Volumes/Builds/packages/high-sierra-x86_64/results/4.2/forecast.Rcheck/vign_test/forecast/vignettes/JSS2008.tex. See https://yihui.org/tinytex/r/#debugging for debugging tips. See JSS2008.log for more info.
    --- failed re-building ‘JSS2008.Rmd’
    
    SUMMARY: processing the following file failed:
     ‘JSS2008.Rmd’
    
    Error: Vignette re-building failed.
    Execution halted
Flavor: r-release-macos-x86_64