CRAN Package Check Results for Package foreSIGHT

Last updated on 2021-10-23 05:02:34 CEST.

Flavor Version Tinstall Tcheck Ttotal Status Flags
r-devel-linux-x86_64-debian-clang 1.0.0 39.93 262.01 301.94 OK
r-devel-linux-x86_64-debian-gcc 1.0.0 29.92 185.69 215.61 OK
r-devel-linux-x86_64-fedora-clang 1.0.0 373.62 NOTE
r-devel-linux-x86_64-fedora-gcc 1.0.0 345.05 NOTE
r-devel-windows-x86_64 1.0.0 62.00 306.00 368.00 OK
r-devel-windows-x86_64-gcc10-UCRT 1.0.0 NOTE
r-patched-linux-x86_64 1.0.0 39.46 250.11 289.57 OK
r-patched-solaris-x86 1.0.0 228.00 NOTE
r-release-linux-x86_64 1.0.0 29.80 239.55 269.35 OK
r-release-macos-arm64 1.0.0 NOTE
r-release-macos-x86_64 1.0.0 NOTE
r-release-windows-ix86+x86_64 1.0.0 71.00 324.00 395.00 NOTE
r-oldrel-macos-x86_64 1.0.0 NOTE
r-oldrel-windows-ix86+x86_64 1.0.0 98.00 366.00 464.00 NOTE

Check Details

Version: 1.0.0
Check: dependencies in R code
Result: NOTE
    Namespace in Imports field not imported from: ‘RColorBrewer’
     All declared Imports should be used.
Flavors: r-devel-linux-x86_64-fedora-clang, r-devel-linux-x86_64-fedora-gcc, r-devel-windows-x86_64-gcc10-UCRT, r-patched-solaris-x86, r-release-macos-arm64, r-release-macos-x86_64, r-oldrel-macos-x86_64

Version: 1.0.0
Check: installed package size
Result: NOTE
     installed size is 5.2Mb
     sub-directories of 1Mb or more:
     doc 1.9Mb
     libs 2.0Mb
Flavors: r-release-windows-ix86+x86_64, r-oldrel-windows-ix86+x86_64