CRAN Package Check Results for Package focusedMDS

Last updated on 2022-07-02 03:51:29 CEST.

Flavor Version Tinstall Tcheck Ttotal Status Flags
r-devel-linux-x86_64-debian-clang 1.3.3 1.74 27.48 29.22 NOTE
r-devel-linux-x86_64-debian-gcc 1.3.3 2.15 21.70 23.85 NOTE
r-devel-linux-x86_64-fedora-clang 1.3.3 47.29 NOTE
r-devel-linux-x86_64-fedora-gcc 1.3.3 45.84 NOTE
r-devel-windows-x86_64 1.3.3 20.00 52.00 72.00 NOTE
r-patched-linux-x86_64 1.3.3 2.37 27.14 29.51 NOTE
r-release-linux-x86_64 1.3.3 2.56 26.60 29.16 NOTE
r-release-macos-arm64 1.3.3 18.00 NOTE
r-release-macos-x86_64 1.3.3 22.00 NOTE
r-release-windows-x86_64 1.3.3 27.00 53.00 80.00 NOTE
r-oldrel-macos-arm64 1.3.3 19.00 NOTE
r-oldrel-macos-x86_64 1.3.3 26.00 NOTE
r-oldrel-windows-ix86+x86_64 1.3.3 7.00 42.00 49.00 NOTE

Check Details

Version: 1.3.3
Check: LazyData
Result: NOTE
     'LazyData' is specified without a 'data' directory
Flavors: r-devel-linux-x86_64-debian-clang, r-devel-linux-x86_64-debian-gcc, r-devel-linux-x86_64-fedora-clang, r-devel-linux-x86_64-fedora-gcc, r-devel-windows-x86_64, r-patched-linux-x86_64, r-release-linux-x86_64, r-release-macos-arm64, r-release-macos-x86_64, r-release-windows-x86_64, r-oldrel-macos-arm64, r-oldrel-macos-x86_64, r-oldrel-windows-ix86+x86_64