CRAN Package Check Results for Package fmdates

Last updated on 2023-02-06 03:54:31 CET.

Flavor Version Tinstall Tcheck Ttotal Status Flags
r-devel-linux-x86_64-debian-clang 0.1.4 7.77 57.83 65.60 NOTE
r-devel-linux-x86_64-debian-gcc 0.1.4 5.35 43.77 49.12 NOTE
r-devel-linux-x86_64-fedora-clang 0.1.4 80.65 NOTE
r-devel-linux-x86_64-fedora-gcc 0.1.4 89.16 NOTE
r-devel-windows-x86_64 0.1.4 11.00 95.00 106.00 NOTE
r-patched-linux-x86_64 0.1.4 8.56 55.61 64.17 NOTE
r-release-linux-x86_64 0.1.4 6.47 53.93 60.40 NOTE
r-release-macos-arm64 0.1.4 24.00 NOTE
r-release-macos-x86_64 0.1.4 37.00 NOTE
r-release-windows-x86_64 0.1.4 33.00 93.00 126.00 NOTE
r-oldrel-macos-arm64 0.1.4 29.00 NOTE
r-oldrel-macos-x86_64 0.1.4 44.00 NOTE
r-oldrel-windows-ix86+x86_64 0.1.4 12.00 85.00 97.00 NOTE

Check Details

Version: 0.1.4
Check: LazyData
Result: NOTE
     'LazyData' is specified without a 'data' directory
Flavors: r-devel-linux-x86_64-debian-clang, r-devel-linux-x86_64-debian-gcc, r-devel-linux-x86_64-fedora-clang, r-devel-linux-x86_64-fedora-gcc, r-devel-windows-x86_64, r-patched-linux-x86_64, r-release-linux-x86_64, r-release-macos-arm64, r-release-macos-x86_64, r-release-windows-x86_64, r-oldrel-macos-arm64, r-oldrel-macos-x86_64, r-oldrel-windows-ix86+x86_64