CRAN Package Check Results for Package fmdates

Last updated on 2024-03-02 02:48:38 CET.

Flavor Version Tinstall Tcheck Ttotal Status Flags
r-devel-linux-x86_64-debian-clang 0.1.4 5.03 60.14 65.17 NOTE
r-devel-linux-x86_64-debian-gcc 0.1.4 4.84 44.18 49.02 NOTE
r-devel-linux-x86_64-fedora-clang 0.1.4 80.24 NOTE
r-devel-linux-x86_64-fedora-gcc 0.1.4 96.49 NOTE
r-devel-windows-x86_64 0.1.4 6.00 66.00 72.00 NOTE
r-patched-linux-x86_64 0.1.4 9.10 57.99 67.09 NOTE
r-release-linux-x86_64 0.1.4 4.54 58.11 62.65 NOTE
r-release-macos-arm64 0.1.4 31.00 NOTE
r-release-macos-x86_64 0.1.4 49.00 NOTE
r-release-windows-x86_64 0.1.4 9.00 74.00 83.00 NOTE
r-oldrel-macos-arm64 0.1.4 27.00 NOTE
r-oldrel-windows-x86_64 0.1.4 7.00 75.00 82.00 NOTE

Check Details

Version: 0.1.4
Check: LazyData
Result: NOTE 'LazyData' is specified without a 'data' directory Flavors: r-devel-linux-x86_64-debian-clang, r-devel-linux-x86_64-debian-gcc, r-devel-linux-x86_64-fedora-clang, r-devel-linux-x86_64-fedora-gcc, r-devel-windows-x86_64, r-patched-linux-x86_64, r-release-linux-x86_64, r-release-macos-arm64, r-release-macos-x86_64, r-release-windows-x86_64, r-oldrel-macos-arm64, r-oldrel-windows-x86_64