CRAN Package Check Results for Package flow

Last updated on 2022-01-25 15:54:18 CET.

Flavor Version Tinstall Tcheck Ttotal Status Flags
r-devel-linux-x86_64-debian-clang 0.0.2 4.18 60.43 64.61 OK
r-devel-linux-x86_64-debian-gcc 0.0.2 3.98 43.81 47.79 OK
r-devel-linux-x86_64-fedora-clang 0.0.2 76.46 NOTE
r-devel-linux-x86_64-fedora-gcc 0.0.2 65.76 NOTE
r-devel-windows-x86_64-new-UL 0.0.2 52.00 82.00 134.00 OK
r-devel-windows-x86_64-new-TK 0.0.2 NOTE
r-patched-linux-x86_64 0.0.2 4.88 54.43 59.31 OK
r-release-linux-x86_64 0.0.2 4.45 55.51 59.96 OK
r-release-macos-arm64 0.0.2 NOTE
r-release-macos-x86_64 0.0.2 NOTE
r-release-windows-ix86+x86_64 0.0.2 9.00 67.00 76.00 OK
r-oldrel-macos-x86_64 0.0.2 NOTE
r-oldrel-windows-ix86+x86_64 0.0.2 10.00 67.00 77.00 OK

Check Details

Version: 0.0.2
Check: dependencies in R code
Result: NOTE
    Namespace in Imports field not imported from: ‘nomnoml’
     All declared Imports should be used.
Flavors: r-devel-linux-x86_64-fedora-clang, r-devel-linux-x86_64-fedora-gcc, r-devel-windows-x86_64-new-TK, r-release-macos-arm64, r-release-macos-x86_64, r-oldrel-macos-x86_64