CRAN Package Check Results for Package float

Last updated on 2021-12-06 15:52:07 CET.

Flavor Version Tinstall Tcheck Ttotal Status Flags
r-devel-linux-x86_64-debian-clang 0.2-6 93.75 86.86 180.61 OK
r-devel-linux-x86_64-debian-gcc 0.2-6 79.76 68.70 148.46 OK
r-devel-linux-x86_64-fedora-clang 0.2-6 258.70 NOTE
r-devel-linux-x86_64-fedora-gcc 0.2-6 251.49 OK
r-devel-windows-x86_64-new-UL 0.2-6 156.00 166.00 322.00 NOTE
r-devel-windows-x86_64-new-TK 0.2-6 OK
r-devel-windows-x86_64-old 0.2-6 133.00 96.00 229.00 OK
r-patched-linux-x86_64 0.2-6 88.95 77.29 166.24 OK
r-release-linux-x86_64 0.2-6 89.52 85.52 175.04 OK
r-release-macos-arm64 0.2-6 NOTE
r-release-macos-x86_64 0.2-6 NOTE
r-release-windows-ix86+x86_64 0.2-6 129.00 127.00 256.00 NOTE
r-oldrel-macos-x86_64 0.2-6 NOTE
r-oldrel-windows-ix86+x86_64 0.2-6 141.00 130.00 271.00 NOTE

Check Details

Version: 0.2-6
Check: installed package size
Result: NOTE
     installed size is 12.8Mb
     sub-directories of 1Mb or more:
     libs 11.8Mb
Flavors: r-devel-linux-x86_64-fedora-clang, r-devel-windows-x86_64-new-UL, r-release-macos-arm64, r-release-macos-x86_64, r-release-windows-ix86+x86_64, r-oldrel-macos-x86_64, r-oldrel-windows-ix86+x86_64