CRAN Package Check Results for Package flipdownr

Last updated on 2022-01-27 15:53:34 CET.

Flavor Version Tinstall Tcheck Ttotal Status Flags
r-devel-linux-x86_64-debian-clang 0.1.1 2.03 29.16 31.19 NOTE
r-devel-linux-x86_64-debian-gcc 0.1.1 1.67 22.32 23.99 NOTE
r-devel-linux-x86_64-fedora-clang 0.1.1 37.81 NOTE
r-devel-linux-x86_64-fedora-gcc 0.1.1 26.41 NOTE
r-devel-windows-x86_64-new-UL 0.1.1 24.00 47.00 71.00 NOTE
r-devel-windows-x86_64-new-TK 0.1.1 NOTE
r-patched-linux-x86_64 0.1.1 1.61 27.15 28.76 NOTE
r-release-linux-x86_64 0.1.1 1.99 27.28 29.27 NOTE
r-release-macos-arm64 0.1.1 NOTE
r-release-macos-x86_64 0.1.1 NOTE
r-release-windows-ix86+x86_64 0.1.1 4.00 35.00 39.00 NOTE
r-oldrel-macos-x86_64 0.1.1 OK
r-oldrel-windows-ix86+x86_64 0.1.1 5.00 35.00 40.00 OK

Check Details

Version: 0.1.1
Check: LazyData
Result: NOTE
     'LazyData' is specified without a 'data' directory
Flavors: r-devel-linux-x86_64-debian-clang, r-devel-linux-x86_64-debian-gcc, r-devel-linux-x86_64-fedora-clang, r-devel-linux-x86_64-fedora-gcc, r-devel-windows-x86_64-new-UL, r-devel-windows-x86_64-new-TK, r-patched-linux-x86_64, r-release-linux-x86_64, r-release-macos-arm64, r-release-macos-x86_64, r-release-windows-ix86+x86_64