CRAN Package Check Results for Package flexdashboard

Last updated on 2021-11-29 03:53:07 CET.

Flavor Version Tinstall Tcheck Ttotal Status Flags
r-devel-linux-x86_64-debian-clang 0.5.2 NOTE
r-devel-linux-x86_64-debian-gcc 0.5.2 2.42 25.37 27.79 NOTE
r-devel-linux-x86_64-fedora-clang 0.5.2 53.27 NOTE
r-devel-linux-x86_64-fedora-gcc 0.5.2 42.23 NOTE
r-devel-windows-x86_64-new-UL 0.5.2 10.00 76.00 86.00 NOTE
r-devel-windows-x86_64-new-TK 0.5.2 NOTE
r-devel-windows-x86_64-old 0.5.2 6.00 51.00 57.00 NOTE
r-patched-linux-x86_64 0.5.2 3.49 31.06 34.55 NOTE
r-patched-solaris-x86 0.5.2 64.50 NOTE
r-release-linux-x86_64 0.5.2 2.87 30.87 33.74 NOTE
r-release-macos-arm64 0.5.2 NOTE
r-release-macos-x86_64 0.5.2 NOTE
r-release-windows-ix86+x86_64 0.5.2 8.00 36.00 44.00 NOTE
r-oldrel-macos-x86_64 0.5.2 OK
r-oldrel-windows-ix86+x86_64 0.5.2 5.00 52.00 57.00 OK

Check Details

Version: 0.5.2
Check: LazyData
Result: NOTE
     'LazyData' is specified without a 'data' directory
Flavors: r-devel-linux-x86_64-debian-clang, r-devel-linux-x86_64-debian-gcc, r-devel-linux-x86_64-fedora-clang, r-devel-linux-x86_64-fedora-gcc, r-devel-windows-x86_64-new-UL, r-devel-windows-x86_64-new-TK, r-devel-windows-x86_64-old, r-patched-linux-x86_64, r-patched-solaris-x86, r-release-linux-x86_64, r-release-macos-arm64, r-release-macos-x86_64, r-release-windows-ix86+x86_64