CRAN Package Check Results for Package findviews

Last updated on 2024-07-21 03:55:23 CEST.

Flavor Version Tinstall Tcheck Ttotal Status Flags
r-devel-linux-x86_64-debian-clang 0.1.3 5.10 54.51 59.61 NOTE
r-devel-linux-x86_64-debian-gcc 0.1.3 4.25 41.62 45.87 NOTE
r-devel-linux-x86_64-fedora-clang 0.1.3 83.34 NOTE
r-devel-linux-x86_64-fedora-gcc 0.1.3 72.75 NOTE
r-devel-windows-x86_64 0.1.3 8.00 60.00 68.00 NOTE
r-patched-linux-x86_64 0.1.3 6.89 52.63 59.52 NOTE
r-release-linux-x86_64 0.1.3 5.31 53.42 58.73 NOTE
r-release-macos-arm64 0.1.3 22.00 NOTE
r-release-macos-x86_64 0.1.3 47.00 NOTE
r-release-windows-x86_64 0.1.3 7.00 59.00 66.00 NOTE
r-oldrel-macos-arm64 0.1.3 33.00 NOTE
r-oldrel-macos-x86_64 0.1.3 39.00 NOTE
r-oldrel-windows-x86_64 0.1.3 8.00 67.00 75.00 NOTE

Check Details

Version: 0.1.3
Check: LazyData
Result: NOTE 'LazyData' is specified without a 'data' directory Flavors: r-devel-linux-x86_64-debian-clang, r-devel-linux-x86_64-debian-gcc, r-devel-linux-x86_64-fedora-clang, r-devel-linux-x86_64-fedora-gcc, r-devel-windows-x86_64, r-patched-linux-x86_64, r-release-linux-x86_64, r-release-macos-arm64, r-release-macos-x86_64, r-release-windows-x86_64, r-oldrel-macos-arm64, r-oldrel-macos-x86_64, r-oldrel-windows-x86_64