CRAN Package Check Results for Package finbipartite

Last updated on 2024-07-16 15:48:11 CEST.

Flavor Version Tinstall Tcheck Ttotal Status Flags
r-devel-linux-x86_64-debian-clang 0.1.0 7.20 69.47 76.67 OK
r-devel-linux-x86_64-debian-gcc 0.1.0 5.07 50.00 55.07 OK
r-devel-linux-x86_64-fedora-clang 0.1.0 91.56 NOTE
r-devel-linux-x86_64-fedora-gcc 0.1.0 88.82 NOTE
r-devel-windows-x86_64 0.1.0 7.00 67.00 74.00 OK
r-patched-linux-x86_64 0.1.0 5.87 64.79 70.66 OK
r-release-linux-x86_64 0.1.0 6.02 64.88 70.90 OK
r-release-macos-arm64 0.1.0 26.00 OK
r-release-macos-x86_64 0.1.0 64.00 OK
r-release-windows-x86_64 0.1.0 7.00 68.00 75.00 OK
r-oldrel-macos-arm64 0.1.0 34.00 OK
r-oldrel-macos-x86_64 0.1.0 47.00 OK
r-oldrel-windows-x86_64 0.1.0 10.00 79.00 89.00 OK

Check Details

Version: 0.1.0
Check: dependencies in R code
Result: NOTE Namespace in Imports field not imported from: ‘mvtnorm’ All declared Imports should be used. Flavors: r-devel-linux-x86_64-fedora-clang, r-devel-linux-x86_64-fedora-gcc