CRAN Package Check Results for Package finalfit

Last updated on 2024-07-19 03:57:20 CEST.

Flavor Version Tinstall Tcheck Ttotal Status Flags
r-devel-linux-x86_64-debian-clang 1.0.7 18.89 476.96 495.85 OK
r-devel-linux-x86_64-debian-gcc 1.0.7 14.18 358.24 372.42 OK
r-devel-linux-x86_64-fedora-clang 1.0.7 634.93 NOTE
r-devel-linux-x86_64-fedora-gcc 1.0.7 586.03 NOTE
r-devel-windows-x86_64 1.0.7 19.00 370.00 389.00 NOTE
r-patched-linux-x86_64 1.0.7 25.99 464.19 490.18 OK
r-release-linux-x86_64 1.0.7 20.25 455.60 475.85 OK
r-release-macos-arm64 1.0.7 200.00 NOTE
r-release-macos-x86_64 1.0.7 290.00 NOTE
r-release-windows-x86_64 1.0.7 17.00 374.00 391.00 NOTE
r-oldrel-macos-arm64 1.0.7 162.00 NOTE
r-oldrel-macos-x86_64 1.0.7 254.00 NOTE
r-oldrel-windows-x86_64 1.0.7 22.00 459.00 481.00 NOTE

Check Details

Version: 1.0.7
Check: installed package size
Result: NOTE installed size is 5.6Mb sub-directories of 1Mb or more: doc 5.0Mb Flavors: r-devel-linux-x86_64-fedora-clang, r-devel-windows-x86_64, r-release-macos-arm64, r-release-macos-x86_64, r-release-windows-x86_64, r-oldrel-macos-arm64, r-oldrel-macos-x86_64, r-oldrel-windows-x86_64

Version: 1.0.7
Check: dependencies in R code
Result: NOTE Namespace in Imports field not imported from: ‘tidyselect’ All declared Imports should be used. Flavors: r-devel-linux-x86_64-fedora-clang, r-devel-linux-x86_64-fedora-gcc

Version: 1.0.7
Check: Rd cross-references
Result: NOTE Found the following Rd file(s) with Rd \link{} targets missing package anchors: ff_plot.Rd: ggplot2 finalfit.Rd: coxph Please provide package anchors for all Rd \link{} targets not in the package itself and the base packages. Flavor: r-devel-windows-x86_64