CRAN Package Check Results for Package fillr

Last updated on 2022-10-01 15:52:52 CEST.

Flavor Version Tinstall Tcheck Ttotal Status Flags
r-devel-linux-x86_64-debian-clang 1.0.0 2.40 24.50 26.90 NOTE
r-devel-linux-x86_64-debian-gcc 1.0.0 1.77 19.17 20.94 NOTE
r-devel-linux-x86_64-fedora-clang 1.0.0 45.34 NOTE
r-devel-linux-x86_64-fedora-gcc 1.0.0 45.56 NOTE
r-devel-windows-x86_64 1.0.0 12.00 55.00 67.00 NOTE
r-patched-linux-x86_64 1.0.0 1.79 23.44 25.23 NOTE
r-release-linux-x86_64 1.0.0 1.44 23.31 24.75 NOTE
r-release-macos-arm64 1.0.0 14.00 NOTE
r-release-macos-x86_64 1.0.0 21.00 NOTE
r-release-windows-x86_64 1.0.0 12.00 48.00 60.00 NOTE
r-oldrel-macos-arm64 1.0.0 19.00 NOTE
r-oldrel-macos-x86_64 1.0.0 24.00 NOTE
r-oldrel-windows-ix86+x86_64 1.0.0 6.00 46.00 52.00 NOTE

Check Details

Version: 1.0.0
Check: LazyData
Result: NOTE
     'LazyData' is specified without a 'data' directory
Flavors: r-devel-linux-x86_64-debian-clang, r-devel-linux-x86_64-debian-gcc, r-devel-linux-x86_64-fedora-clang, r-devel-linux-x86_64-fedora-gcc, r-devel-windows-x86_64, r-patched-linux-x86_64, r-release-linux-x86_64, r-release-macos-arm64, r-release-macos-x86_64, r-release-windows-x86_64, r-oldrel-macos-arm64, r-oldrel-macos-x86_64, r-oldrel-windows-ix86+x86_64