CRAN Package Check Results for Package fic

Last updated on 2023-02-01 15:51:23 CET.

Flavor Version Tinstall Tcheck Ttotal Status Flags
r-devel-linux-x86_64-debian-clang 1.0.0 12.77 215.56 228.33 OK
r-devel-linux-x86_64-debian-gcc 1.0.0 7.96 159.74 167.70 OK
r-devel-linux-x86_64-fedora-clang 1.0.0 286.38 NOTE
r-devel-linux-x86_64-fedora-gcc 1.0.0 295.09 NOTE
r-devel-windows-x86_64 1.0.0 31.00 364.00 395.00 OK
r-patched-linux-x86_64 1.0.0 11.30 199.85 211.15 OK
r-release-linux-x86_64 1.0.0 11.74 189.48 201.22 OK
r-release-macos-arm64 1.0.0 83.00 NOTE
r-release-macos-x86_64 1.0.0 139.00 NOTE
r-release-windows-x86_64 1.0.0 36.00 360.00 396.00 OK
r-oldrel-macos-arm64 1.0.0 110.00 NOTE
r-oldrel-macos-x86_64 1.0.0 176.00 NOTE
r-oldrel-windows-ix86+x86_64 1.0.0 26.00 276.00 302.00 OK

Check Details

Version: 1.0.0
Check: dependencies in R code
Result: NOTE
    Namespace in Imports field not imported from: ‘numDeriv’
     All declared Imports should be used.
Flavors: r-devel-linux-x86_64-fedora-clang, r-devel-linux-x86_64-fedora-gcc, r-release-macos-arm64, r-release-macos-x86_64, r-oldrel-macos-arm64, r-oldrel-macos-x86_64