CRAN Package Check Results for Package fhircrackr

Last updated on 2022-01-24 15:54:11 CET.

Flavor Version Tinstall Tcheck Ttotal Status Flags
r-devel-linux-x86_64-debian-clang 1.0.1 7.24 66.01 73.25 OK
r-devel-linux-x86_64-debian-gcc 1.0.1 5.49 49.99 55.48 OK
r-devel-linux-x86_64-fedora-clang 1.0.1 90.76 NOTE
r-devel-linux-x86_64-fedora-gcc 1.0.1 78.07 NOTE
r-devel-windows-x86_64-new-UL 1.0.1 162.00 111.00 273.00 OK
r-devel-windows-x86_64-new-TK 1.0.1 NOTE
r-patched-linux-x86_64 1.0.1 6.16 64.19 70.35 OK
r-release-linux-x86_64 1.0.1 5.70 64.60 70.30 OK
r-release-macos-arm64 1.0.1 NOTE
r-release-macos-x86_64 1.0.1 NOTE
r-release-windows-ix86+x86_64 1.0.1 17.00 80.00 97.00 OK
r-oldrel-macos-x86_64 1.0.1 NOTE
r-oldrel-windows-ix86+x86_64 1.0.1 17.00 78.00 95.00 OK

Check Details

Version: 1.0.1
Check: dependencies in R code
Result: NOTE
    Namespace in Imports field not imported from: ‘plyr’
     All declared Imports should be used.
Flavors: r-devel-linux-x86_64-fedora-clang, r-devel-linux-x86_64-fedora-gcc, r-devel-windows-x86_64-new-TK, r-release-macos-arm64, r-release-macos-x86_64, r-oldrel-macos-x86_64