Last updated on 2023-03-26 15:52:32 CEST.
Flavor | Version | Tinstall | Tcheck | Ttotal | Status | Flags |
---|---|---|---|---|---|---|
r-devel-linux-x86_64-debian-clang | 1.0 | 14.03 | 106.96 | 120.99 | NOTE | |
r-devel-linux-x86_64-debian-gcc | 1.0 | 10.96 | 80.29 | 91.25 | NOTE | |
r-devel-linux-x86_64-fedora-gcc | 1.0 | 141.41 | NOTE | |||
r-patched-linux-x86_64 | 1.0 | 11.65 | 101.61 | 113.26 | NOTE | |
r-release-linux-x86_64 | 1.0 | 12.02 | 101.19 | 113.21 | NOTE | |
r-release-macos-arm64 | 1.0 | 43.00 | NOTE | |||
r-release-macos-x86_64 | 1.0 | 73.00 | NOTE | |||
r-release-windows-x86_64 | 1.0 | 16.00 | 132.00 | 148.00 | NOTE | |
r-oldrel-macos-arm64 | 1.0 | 48.00 | NOTE | |||
r-oldrel-macos-x86_64 | 1.0 | 72.00 | NOTE | |||
r-oldrel-windows-ix86+x86_64 | 1.0 | 30.00 | 124.00 | 154.00 | NOTE |
Version: 1.0
Check: LazyData
Result: NOTE
'LazyData' is specified without a 'data' directory
Flavors: r-devel-linux-x86_64-debian-clang, r-devel-linux-x86_64-debian-gcc, r-devel-linux-x86_64-fedora-gcc, r-patched-linux-x86_64, r-release-linux-x86_64, r-release-macos-arm64, r-release-macos-x86_64, r-release-windows-x86_64, r-oldrel-macos-arm64, r-oldrel-macos-x86_64, r-oldrel-windows-ix86+x86_64