CRAN Package Check Results for Package fgeo

Last updated on 2022-09-25 03:54:30 CEST.

Flavor Version Tinstall Tcheck Ttotal Status Flags
r-devel-linux-x86_64-debian-clang 1.1.4 8.42 67.63 76.05 NOTE
r-devel-linux-x86_64-debian-gcc 1.1.4 5.38 49.23 54.61 NOTE
r-devel-linux-x86_64-fedora-clang 1.1.4 107.51 NOTE
r-devel-linux-x86_64-fedora-gcc 1.1.4 106.72 NOTE
r-devel-windows-x86_64 1.1.4 17.00 92.00 109.00 NOTE
r-patched-linux-x86_64 1.1.4 7.48 61.85 69.33 NOTE
r-release-linux-x86_64 1.1.4 6.16 61.49 67.65 NOTE
r-release-macos-arm64 1.1.4 28.00 NOTE
r-release-macos-x86_64 1.1.4 48.00 NOTE
r-release-windows-x86_64 1.1.4 15.00 89.00 104.00 NOTE
r-oldrel-macos-arm64 1.1.4 33.00 NOTE
r-oldrel-macos-x86_64 1.1.4 45.00 NOTE
r-oldrel-windows-ix86+x86_64 1.1.4 18.00 87.00 105.00 NOTE

Check Details

Version: 1.1.4
Check: LazyData
Result: NOTE
     'LazyData' is specified without a 'data' directory
Flavors: r-devel-linux-x86_64-debian-clang, r-devel-linux-x86_64-debian-gcc, r-devel-linux-x86_64-fedora-clang, r-devel-linux-x86_64-fedora-gcc, r-devel-windows-x86_64, r-patched-linux-x86_64, r-release-linux-x86_64, r-release-macos-arm64, r-release-macos-x86_64, r-release-windows-x86_64, r-oldrel-macos-arm64, r-oldrel-macos-x86_64, r-oldrel-windows-ix86+x86_64