CRAN Package Check Results for Package fgdr

Last updated on 2022-01-24 03:51:31 CET.

Flavor Version Tinstall Tcheck Ttotal Status Flags
r-devel-linux-x86_64-debian-clang 1.1.0 29.56 265.20 294.76 NOTE
r-devel-linux-x86_64-debian-gcc 1.1.0 22.22 193.82 216.04 NOTE
r-devel-linux-x86_64-fedora-clang 1.1.0 346.85 NOTE
r-devel-linux-x86_64-fedora-gcc 1.1.0 334.10 NOTE
r-devel-windows-x86_64-new-UL 1.1.0 39.00 247.00 286.00 NOTE
r-devel-windows-x86_64-new-TK 1.1.0 NOTE
r-patched-linux-x86_64 1.1.0 20.65 249.64 270.29 NOTE
r-release-linux-x86_64 1.1.0 19.17 254.51 273.68 NOTE
r-release-macos-arm64 1.1.0 NOTE
r-release-macos-x86_64 1.1.0 NOTE
r-release-windows-ix86+x86_64 1.1.0 64.00 277.00 341.00 NOTE
r-oldrel-macos-x86_64 1.1.0 OK
r-oldrel-windows-ix86+x86_64 1.1.0 67.00 293.00 360.00 OK

Check Details

Version: 1.1.0
Check: LazyData
Result: NOTE
     'LazyData' is specified without a 'data' directory
Flavors: r-devel-linux-x86_64-debian-clang, r-devel-linux-x86_64-debian-gcc, r-devel-linux-x86_64-fedora-clang, r-devel-linux-x86_64-fedora-gcc, r-devel-windows-x86_64-new-UL, r-devel-windows-x86_64-new-TK, r-patched-linux-x86_64, r-release-linux-x86_64, r-release-macos-arm64, r-release-macos-x86_64, r-release-windows-ix86+x86_64