CRAN Package Check Results for Package ffscrapr

Last updated on 2022-01-28 04:00:48 CET.

Flavor Version Tinstall Tcheck Ttotal Status Flags
r-devel-linux-x86_64-debian-clang 1.4.7 8.12 242.34 250.46 OK
r-devel-linux-x86_64-debian-gcc 1.4.7 7.24 196.49 203.73 OK
r-devel-linux-x86_64-fedora-clang 1.4.7 298.33 NOTE
r-devel-linux-x86_64-fedora-gcc 1.4.7 295.84 NOTE
r-devel-windows-x86_64-new-UL 1.4.7 214.00 422.00 636.00 OK
r-devel-windows-x86_64-new-TK 1.4.7 NOTE
r-patched-linux-x86_64 1.4.7 7.95 273.88 281.83 OK
r-release-linux-x86_64 1.4.7 5.66 273.77 279.43 OK
r-release-macos-arm64 1.4.7 NOTE
r-release-macos-x86_64 1.4.7 NOTE
r-release-windows-ix86+x86_64 1.4.7 17.00 354.00 371.00 OK
r-oldrel-macos-x86_64 1.4.7 NOTE
r-oldrel-windows-ix86+x86_64 1.4.7 15.00 374.00 389.00 OK

Check Details

Version: 1.4.7
Check: dependencies in R code
Result: NOTE
    Namespace in Imports field not imported from: ‘nflreadr’
     All declared Imports should be used.
Flavors: r-devel-linux-x86_64-fedora-clang, r-devel-linux-x86_64-fedora-gcc, r-devel-windows-x86_64-new-TK, r-release-macos-arm64, r-release-macos-x86_64, r-oldrel-macos-x86_64