CRAN Package Check Results for Package ffp

Last updated on 2021-10-26 15:51:10 CEST.

Flavor Version Tinstall Tcheck Ttotal Status Flags
r-devel-linux-x86_64-debian-clang 0.1.0 5.40 92.50 97.90 OK
r-devel-linux-x86_64-debian-gcc 0.1.0 4.68 65.99 70.67 OK
r-devel-linux-x86_64-fedora-clang 0.1.0 128.11 NOTE
r-devel-linux-x86_64-fedora-gcc 0.1.0 118.06 NOTE
r-devel-windows-x86_64 0.1.0 12.00 114.00 126.00 OK
r-devel-windows-x86_64-gcc10-UCRT 0.1.0 NOTE
r-patched-linux-x86_64 0.1.0 7.10 84.84 91.94 OK
r-patched-solaris-x86 0.1.0 154.60 NOTE
r-release-linux-x86_64 0.1.0 5.61 83.01 88.62 OK
r-release-macos-arm64 0.1.0 NOTE
r-release-macos-x86_64 0.1.0 NOTE
r-release-windows-ix86+x86_64 0.1.0 13.00 101.00 114.00 OK
r-oldrel-macos-x86_64 0.1.0 NOTE
r-oldrel-windows-ix86+x86_64 0.1.0 16.00 112.00 128.00 OK

Check Details

Version: 0.1.0
Check: dependencies in R code
Result: NOTE
    Namespaces in Imports field not imported from:
     ‘NlcOptim’ ‘usethis’ ‘xts’
     All declared Imports should be used.
Flavors: r-devel-linux-x86_64-fedora-clang, r-devel-linux-x86_64-fedora-gcc, r-devel-windows-x86_64-gcc10-UCRT, r-patched-solaris-x86, r-release-macos-arm64, r-release-macos-x86_64, r-oldrel-macos-x86_64