CRAN Package Check Results for Package fflr

Last updated on 2022-01-19 04:48:24 CET.

Flavor Version Tinstall Tcheck Ttotal Status Flags
r-devel-linux-x86_64-debian-clang 2.0.1 6.32 80.64 86.96 ERROR
r-devel-linux-x86_64-debian-gcc 2.0.1 4.64 62.40 67.04 ERROR
r-devel-linux-x86_64-fedora-clang 2.0.2 107.63 OK
r-devel-linux-x86_64-fedora-gcc 2.0.2 96.50 OK
r-devel-windows-x86_64-new-UL 2.0.2 51.00 175.00 226.00 OK
r-devel-windows-x86_64-new-TK 2.0.2 OK
r-patched-linux-x86_64 2.0.1 6.38 77.88 84.26 ERROR
r-release-linux-x86_64 2.0.1 ERROR
r-release-macos-arm64 2.0.1 OK
r-release-macos-x86_64 2.0.2 OK
r-release-windows-ix86+x86_64 2.0.2 11.00 161.00 172.00 OK
r-oldrel-macos-x86_64 2.0.1 OK
r-oldrel-windows-ix86+x86_64 2.0.1 12.00 139.00 151.00 ERROR

Check Details

Version: 2.0.1
Check: examples
Result: ERROR
    Running examples in 'fflr-Ex.R' failed
    The error most likely occurred in:
    
    > base::assign(".ptime", proc.time(), pos = "CheckExEnv")
    > ### Name: pro_events
    > ### Title: Professional games
    > ### Aliases: pro_events
    >
    > ### ** Examples
    >
    > pro_events()
    Error in do.call("rbind", out$competitors) :
     second argument must be a list
    Calls: pro_events -> do.call
    Execution halted
Flavors: r-devel-linux-x86_64-debian-clang, r-devel-linux-x86_64-debian-gcc, r-patched-linux-x86_64, r-release-linux-x86_64

Version: 2.0.1
Check: examples
Result: ERROR
    Running examples in 'fflr-Ex.R' failed
    The error most likely occurred in:
    
    > ### Name: pro_events
    > ### Title: Professional games
    > ### Aliases: pro_events
    >
    > ### ** Examples
    >
    > pro_events()
    Error in do.call("rbind", out$competitors) :
     second argument must be a list
    Calls: pro_events -> do.call
    Execution halted
Flavor: r-oldrel-windows-ix86+x86_64