CRAN Package Check Results for Package ff

Last updated on 2021-08-05 15:52:38 CEST.

Flavor Version Tinstall Tcheck Ttotal Status Flags
r-devel-linux-x86_64-debian-clang 4.0.4 54.40 110.75 165.15 OK
r-devel-linux-x86_64-debian-gcc 4.0.4 38.41 80.48 118.89 OK
r-devel-linux-x86_64-fedora-clang 4.0.4 194.84 OK
r-devel-linux-x86_64-fedora-gcc 4.0.4 187.11 OK
r-devel-windows-x86_64 4.0.4 66.00 133.00 199.00 OK
r-devel-windows-x86_64-gcc10-UCRT 4.0.4 ERROR
r-patched-linux-x86_64 4.0.4 55.18 105.21 160.39 OK
r-patched-solaris-x86 4.0.4 243.80 OK
r-release-linux-x86_64 4.0.4 50.83 104.78 155.61 OK
r-release-macos-arm64 4.0.4 OK
r-release-macos-x86_64 4.0.4 OK
r-release-windows-ix86+x86_64 4.0.4 111.00 132.00 243.00 OK
r-oldrel-macos-x86_64 4.0.4 OK
r-oldrel-windows-ix86+x86_64 4.0.4 87.00 181.00 268.00 OK

Check Details

Version: 4.0.4
Check: package dependencies
Result: NOTE
    Package suggested but not available for checking: 'testthat'
Flavor: r-devel-windows-x86_64-gcc10-UCRT

Version: 4.0.4
Check: tests
Result: ERROR
     Running 'testthat.R'
    Running the tests in 'tests/testthat.R' failed.
    Complete output:
     > library(testthat)
     Error in library(testthat) : there is no package called 'testthat'
     Execution halted
Flavor: r-devel-windows-x86_64-gcc10-UCRT