CRAN Package Check Results for Package featurefinder

Last updated on 2022-01-25 15:54:17 CET.

Flavor Version Tinstall Tcheck Ttotal Status Flags
r-devel-linux-x86_64-debian-clang 1.1 2.40 44.72 47.12 NOTE
r-devel-linux-x86_64-debian-gcc 1.1 2.33 33.90 36.23 NOTE
r-devel-linux-x86_64-fedora-clang 1.1 57.63 NOTE
r-devel-linux-x86_64-fedora-gcc 1.1 46.30 NOTE
r-devel-windows-x86_64-new-UL 1.1 97.00 76.00 173.00 OK
r-devel-windows-x86_64-new-TK 1.1 OK
r-patched-linux-x86_64 1.1 3.59 37.41 41.00 NOTE
r-release-linux-x86_64 1.1 3.12 37.71 40.83 NOTE
r-release-macos-arm64 1.1 OK
r-release-macos-x86_64 1.1 OK
r-release-windows-ix86+x86_64 1.1 7.00 49.00 56.00 OK
r-oldrel-macos-x86_64 1.1 OK
r-oldrel-windows-ix86+x86_64 1.1 6.00 48.00 54.00 OK

Check Details

Version: 1.1
Check: for non-standard things in the check directory
Result: NOTE
    Found the following files/directories:
     'treesAll.txt'
Flavors: r-devel-linux-x86_64-debian-clang, r-devel-linux-x86_64-debian-gcc, r-devel-linux-x86_64-fedora-clang, r-devel-linux-x86_64-fedora-gcc, r-patched-linux-x86_64, r-release-linux-x86_64