CRAN Package Check Results for Package featurefinder

Last updated on 2024-07-19 16:57:24 CEST.

Flavor Version Tinstall Tcheck Ttotal Status Flags
r-devel-linux-x86_64-debian-clang 1.1 2.86 33.30 36.16 NOTE
r-devel-linux-x86_64-debian-gcc 1.1 2.29 25.99 28.28 NOTE
r-devel-linux-x86_64-fedora-clang 1.1 49.54 NOTE
r-devel-linux-x86_64-fedora-gcc 1.1 64.51 NOTE
r-devel-windows-x86_64 1.1 4.00 54.00 58.00 OK
r-patched-linux-x86_64 1.1 2.44 32.31 34.75 NOTE
r-release-linux-x86_64 1.1 3.20 32.59 35.79 NOTE
r-release-macos-arm64 1.1 24.00 OK
r-release-macos-x86_64 1.1 38.00 OK
r-release-windows-x86_64 1.1 3.00 52.00 55.00 OK
r-oldrel-macos-arm64 1.1 26.00 OK
r-oldrel-macos-x86_64 1.1 38.00 OK
r-oldrel-windows-x86_64 1.1 4.00 56.00 60.00 OK

Check Details

Version: 1.1
Check: for non-standard things in the check directory
Result: NOTE Found the following files/directories: ‘treesAll.txt’ Flavors: r-devel-linux-x86_64-debian-clang, r-devel-linux-x86_64-debian-gcc, r-devel-linux-x86_64-fedora-clang, r-devel-linux-x86_64-fedora-gcc, r-patched-linux-x86_64, r-release-linux-x86_64