CRAN Package Check Results for Package feamiR

Last updated on 2021-10-26 15:51:10 CEST.

Flavor Version Tinstall Tcheck Ttotal Status Flags
r-devel-linux-x86_64-debian-clang 0.1.0 3.32 74.95 78.27 NOTE
r-devel-linux-x86_64-debian-gcc 0.1.0 3.33 55.06 58.39 NOTE
r-devel-linux-x86_64-fedora-clang 0.1.0 102.69 NOTE
r-devel-linux-x86_64-fedora-gcc 0.1.0 90.50 NOTE
r-devel-windows-x86_64 0.1.0 10.00 94.00 104.00 NOTE
r-devel-windows-x86_64-gcc10-UCRT 0.1.0 NOTE
r-patched-linux-x86_64 0.1.0 4.37 71.63 76.00 NOTE
r-patched-solaris-x86 0.1.0 125.10 NOTE
r-release-linux-x86_64 0.1.0 4.38 71.92 76.30 NOTE
r-release-macos-arm64 0.1.0 NOTE
r-release-macos-x86_64 0.1.0 NOTE
r-release-windows-ix86+x86_64 0.1.0 8.00 85.00 93.00 NOTE
r-oldrel-macos-x86_64 0.1.0 OK
r-oldrel-windows-ix86+x86_64 0.1.0 9.00 98.00 107.00 OK

Check Details

Version: 0.1.0
Check: LazyData
Result: NOTE
     'LazyData' is specified without a 'data' directory
Flavors: r-devel-linux-x86_64-debian-clang, r-devel-linux-x86_64-debian-gcc, r-devel-linux-x86_64-fedora-clang, r-devel-linux-x86_64-fedora-gcc, r-devel-windows-x86_64, r-devel-windows-x86_64-gcc10-UCRT, r-patched-linux-x86_64, r-patched-solaris-x86, r-release-linux-x86_64, r-release-macos-arm64, r-release-macos-x86_64, r-release-windows-ix86+x86_64