CRAN Package Check Results for Package fdq

Last updated on 2022-01-23 15:49:07 CET.

Flavor Version Tinstall Tcheck Ttotal Status Flags
r-devel-linux-x86_64-debian-clang 0.12 6.96 73.47 80.43 NOTE
r-devel-linux-x86_64-debian-gcc 0.12 6.15 61.51 67.66 NOTE
r-devel-linux-x86_64-fedora-clang 0.12 98.80 NOTE
r-devel-linux-x86_64-fedora-gcc 0.12 85.95 NOTE
r-devel-windows-x86_64-new-UL 0.12 11.00 92.00 103.00 NOTE
r-devel-windows-x86_64-new-TK 0.12 NOTE
r-patched-linux-x86_64 0.12 7.46 68.79 76.25 NOTE
r-release-linux-x86_64 0.12 6.00 69.35 75.35 NOTE
r-release-macos-arm64 0.12 NOTE
r-release-macos-x86_64 0.12 NOTE
r-release-windows-ix86+x86_64 0.12 18.00 82.00 100.00 NOTE
r-oldrel-macos-x86_64 0.12 NOTE
r-oldrel-windows-ix86+x86_64 0.12 18.00 81.00 99.00 OK

Check Details

Version: 0.12
Check: LazyData
Result: NOTE
     'LazyData' is specified without a 'data' directory
Flavors: r-devel-linux-x86_64-debian-clang, r-devel-linux-x86_64-debian-gcc, r-devel-linux-x86_64-fedora-clang, r-devel-linux-x86_64-fedora-gcc, r-devel-windows-x86_64-new-UL, r-devel-windows-x86_64-new-TK, r-patched-linux-x86_64, r-release-linux-x86_64, r-release-macos-arm64, r-release-macos-x86_64, r-release-windows-ix86+x86_64

Version: 0.12
Check: dependencies in R code
Result: NOTE
    Namespaces in Imports field not imported from:
     ‘data.table’ ‘ggplot2’ ‘randomcoloR’ ‘sqldf’
     All declared Imports should be used.
Flavors: r-devel-linux-x86_64-fedora-clang, r-devel-linux-x86_64-fedora-gcc, r-devel-windows-x86_64-new-TK, r-release-macos-arm64, r-release-macos-x86_64, r-oldrel-macos-x86_64