Last updated on 2023-01-29 03:55:13 CET.
Flavor | Version | Tinstall | Tcheck | Ttotal | Status | Flags |
---|---|---|---|---|---|---|
r-devel-linux-x86_64-debian-clang | 0.5.9 | 312.26 | 223.48 | 535.74 | OK | |
r-devel-linux-x86_64-debian-gcc | 0.5.9 | 253.15 | 174.14 | 427.29 | OK | |
r-devel-linux-x86_64-fedora-clang | 0.5.9 | 727.24 | OK | |||
r-devel-linux-x86_64-fedora-gcc | 0.5.9 | 698.26 | OK | |||
r-devel-windows-x86_64 | 0.5.9 | 264.00 | 282.00 | 546.00 | OK | |
r-patched-linux-x86_64 | 0.5.9 | 232.13 | 221.10 | 453.23 | OK | |
r-release-linux-x86_64 | 0.5.9 | 214.21 | 220.72 | 434.93 | OK | |
r-release-macos-arm64 | 0.5.9 | 138.00 | NOTE | |||
r-release-macos-x86_64 | 0.5.9 | 231.00 | NOTE | |||
r-release-windows-x86_64 | 0.5.9 | 248.00 | 276.00 | 524.00 | OK | |
r-oldrel-macos-arm64 | 0.5.9 | 141.00 | NOTE | |||
r-oldrel-macos-x86_64 | 0.5.9 | 233.00 | NOTE | |||
r-oldrel-windows-ix86+x86_64 | 0.5.9 | 680.00 | 348.00 | 1028.00 | OK |
Version: 0.5.9
Check: installed package size
Result: NOTE
installed size is 40.2Mb
sub-directories of 1Mb or more:
libs 38.4Mb
Flavors: r-release-macos-arm64, r-release-macos-x86_64, r-oldrel-macos-arm64, r-oldrel-macos-x86_64