Last updated on 2025-01-25 03:49:50 CET.
Flavor | Version | Tinstall | Tcheck | Ttotal | Status | Flags |
---|---|---|---|---|---|---|
r-devel-linux-x86_64-debian-clang | 6.2.0 | 31.60 | 214.03 | 245.63 | OK | |
r-devel-linux-x86_64-debian-gcc | 6.2.0 | 17.37 | 140.64 | 158.01 | OK | |
r-devel-linux-x86_64-fedora-clang | 6.2.0 | 396.00 | OK | |||
r-devel-linux-x86_64-fedora-gcc | 6.2.0 | 384.51 | OK | |||
r-devel-windows-x86_64 | 6.2.0 | 29.00 | 255.00 | 284.00 | OK | |
r-patched-linux-x86_64 | 6.2.0 | 34.68 | 201.17 | 235.85 | OK | |
r-release-linux-x86_64 | 6.2.0 | 24.71 | 198.80 | 223.51 | OK | |
r-release-macos-arm64 | 6.2.0 | 86.00 | NOTE | |||
r-release-macos-x86_64 | 6.2.0 | 251.00 | NOTE | |||
r-release-windows-x86_64 | 6.2.0 | 29.00 | 242.00 | 271.00 | OK | |
r-oldrel-macos-arm64 | 6.2.0 | 143.00 | OK | |||
r-oldrel-macos-x86_64 | 6.2.0 | 277.00 | NOTE | |||
r-oldrel-windows-x86_64 | 6.2.0 | 41.00 | 304.00 | 345.00 | OK |
Version: 6.2.0
Check: installed package size
Result: NOTE
installed size is 5.0Mb
sub-directories of 1Mb or more:
doc 2.7Mb
Flavors: r-release-macos-arm64, r-release-macos-x86_64, r-oldrel-macos-x86_64