Last updated on 2023-02-01 03:54:13 CET.
Flavor | Version | Tinstall | Tcheck | Ttotal | Status | Flags |
---|---|---|---|---|---|---|
r-devel-linux-x86_64-debian-clang | 0.1.21 | 4.42 | 42.14 | 46.56 | NOTE | |
r-devel-linux-x86_64-debian-gcc | 0.1.21 | 2.64 | 31.77 | 34.41 | NOTE | |
r-devel-linux-x86_64-fedora-clang | 0.1.21 | 57.56 | NOTE | |||
r-devel-linux-x86_64-fedora-gcc | 0.1.21 | 90.50 | NOTE | |||
r-devel-windows-x86_64 | 0.1.21 | 13.00 | 70.00 | 83.00 | NOTE | |
r-patched-linux-x86_64 | 0.1.21 | 4.19 | 40.47 | 44.66 | NOTE | |
r-release-linux-x86_64 | 0.1.21 | 3.79 | 50.36 | 54.15 | NOTE | |
r-release-macos-arm64 | 0.1.21 | 29.00 | NOTE | |||
r-release-macos-x86_64 | 0.1.21 | 44.00 | NOTE | |||
r-release-windows-x86_64 | 0.1.21 | 11.00 | 106.00 | 117.00 | NOTE | |
r-oldrel-macos-arm64 | 0.1.21 | 32.00 | NOTE | |||
r-oldrel-macos-x86_64 | 0.1.21 | 50.00 | NOTE | |||
r-oldrel-windows-ix86+x86_64 | 0.1.21 | 9.00 | 65.00 | 74.00 | NOTE |
Version: 0.1.21
Check: LazyData
Result: NOTE
'LazyData' is specified without a 'data' directory
Flavors: r-devel-linux-x86_64-debian-clang, r-devel-linux-x86_64-debian-gcc, r-devel-linux-x86_64-fedora-clang, r-devel-linux-x86_64-fedora-gcc, r-devel-windows-x86_64, r-patched-linux-x86_64, r-release-linux-x86_64, r-release-macos-arm64, r-release-macos-x86_64, r-release-windows-x86_64, r-oldrel-macos-arm64, r-oldrel-macos-x86_64, r-oldrel-windows-ix86+x86_64
Version: 0.1.21
Check: for non-standard things in the check directory
Result: NOTE
Found the following files/directories:
‘.Rprofile’
Flavors: r-devel-linux-x86_64-debian-clang, r-devel-linux-x86_64-debian-gcc, r-devel-linux-x86_64-fedora-clang, r-devel-linux-x86_64-fedora-gcc, r-patched-linux-x86_64, r-release-linux-x86_64