CRAN Package Check Results for Package fcuk

Last updated on 2024-02-23 15:52:12 CET.

Flavor Version Tinstall Tcheck Ttotal Status Flags
r-devel-linux-x86_64-debian-clang 0.1.21 NOTE
r-devel-linux-x86_64-debian-gcc 0.1.21 3.38 33.13 36.51 NOTE
r-devel-linux-x86_64-fedora-clang 0.1.21 59.77 NOTE
r-devel-linux-x86_64-fedora-gcc 0.1.21 94.95 NOTE
r-devel-windows-x86_64 0.1.21 4.00 55.00 59.00 NOTE
r-patched-linux-x86_64 0.1.21 3.67 43.04 46.71 NOTE
r-release-linux-x86_64 0.1.21 3.94 41.81 45.75 NOTE
r-release-macos-arm64 0.1.21 40.00 NOTE
r-release-macos-x86_64 0.1.21 65.00 NOTE
r-release-windows-x86_64 0.1.21 6.00 60.00 66.00 NOTE
r-oldrel-macos-arm64 0.1.21 29.00 NOTE
r-oldrel-windows-x86_64 0.1.21 6.00 68.00 74.00 NOTE

Check Details

Version: 0.1.21
Check: LazyData
Result: NOTE 'LazyData' is specified without a 'data' directory Flavors: r-devel-linux-x86_64-debian-clang, r-devel-linux-x86_64-debian-gcc, r-devel-linux-x86_64-fedora-clang, r-devel-linux-x86_64-fedora-gcc, r-devel-windows-x86_64, r-patched-linux-x86_64, r-release-linux-x86_64, r-release-macos-arm64, r-release-macos-x86_64, r-release-windows-x86_64, r-oldrel-macos-arm64, r-oldrel-windows-x86_64

Version: 0.1.21
Check: for non-standard things in the check directory
Result: NOTE Found the following files/directories: ‘.Rprofile’ Flavors: r-devel-linux-x86_64-debian-clang, r-devel-linux-x86_64-debian-gcc, r-devel-linux-x86_64-fedora-clang, r-devel-linux-x86_64-fedora-gcc, r-patched-linux-x86_64, r-release-linux-x86_64