CRAN Package Check Results for Package fcd

Last updated on 2022-01-22 03:56:44 CET.

Flavor Version Tinstall Tcheck Ttotal Status Flags
r-devel-linux-x86_64-debian-clang 0.1 8.23 66.74 74.97 NOTE
r-devel-linux-x86_64-debian-gcc 0.1 6.76 52.83 59.59 NOTE
r-devel-linux-x86_64-fedora-clang 0.1 91.92 NOTE
r-devel-linux-x86_64-fedora-gcc 0.1 83.28 NOTE
r-devel-windows-x86_64-new-UL 0.1 26.00 83.00 109.00 NOTE
r-devel-windows-x86_64-new-TK 0.1 NOTE
r-patched-linux-x86_64 0.1 6.61 66.12 72.73 NOTE
r-release-linux-x86_64 0.1 7.27 65.20 72.47 NOTE
r-release-macos-arm64 0.1 NOTE
r-release-macos-x86_64 0.1 NOTE
r-release-windows-ix86+x86_64 0.1 18.00 76.00 94.00 NOTE
r-oldrel-macos-x86_64 0.1 NOTE
r-oldrel-windows-ix86+x86_64 0.1 17.00 76.00 93.00 NOTE

Check Details

Version: 0.1
Check: dependencies in R code
Result: NOTE
    Packages in Depends field not imported from:
     'MASS' 'combinat' 'glmnet'
     These packages need to be imported from (in the NAMESPACE file)
     for when this namespace is loaded but not attached.
Flavors: r-devel-linux-x86_64-debian-clang, r-devel-linux-x86_64-debian-gcc, r-devel-linux-x86_64-fedora-clang, r-devel-linux-x86_64-fedora-gcc, r-devel-windows-x86_64-new-UL, r-devel-windows-x86_64-new-TK, r-patched-linux-x86_64, r-release-linux-x86_64, r-release-macos-arm64, r-release-macos-x86_64, r-release-windows-ix86+x86_64, r-oldrel-macos-x86_64, r-oldrel-windows-ix86+x86_64

Version: 0.1
Check: R code for possible problems
Result: NOTE
    fcd.cluster: no visible global function definition for 'kmeans'
    fcd.start: no visible global function definition for 'ginv'
    fcd.start: no visible global function definition for 'glmnet'
    gen.dcbm: no visible global function definition for 'rbinom'
    gen.sbm: no visible global function definition for 'rbinom'
    mis.cluster: no visible global function definition for 'permn'
    spectral.clustering: no visible global function definition for 'kmeans'
    Undefined global functions or variables:
     ginv glmnet kmeans permn rbinom
    Consider adding
     importFrom("stats", "kmeans", "rbinom")
    to your NAMESPACE file.
Flavors: r-devel-linux-x86_64-debian-clang, r-devel-linux-x86_64-debian-gcc, r-devel-linux-x86_64-fedora-clang, r-devel-linux-x86_64-fedora-gcc, r-devel-windows-x86_64-new-UL, r-devel-windows-x86_64-new-TK, r-patched-linux-x86_64, r-release-linux-x86_64, r-release-macos-arm64, r-release-macos-x86_64, r-release-windows-ix86+x86_64, r-oldrel-macos-x86_64, r-oldrel-windows-ix86+x86_64