CRAN Package Check Results for Package fcci

Last updated on 2024-07-23 15:48:09 CEST.

Flavor Version Tinstall Tcheck Ttotal Status Flags
r-devel-linux-x86_64-debian-clang 1.0.1 15.87 120.97 136.84 NOTE
r-devel-linux-x86_64-debian-gcc 1.0.1 11.21 61.39 72.60 NOTE
r-devel-linux-x86_64-fedora-clang 1.0.1 136.05 NOTE
r-devel-linux-x86_64-fedora-gcc 1.0.1 132.80 NOTE
r-devel-windows-x86_64 1.0.1 15.00 145.00 160.00 NOTE
r-patched-linux-x86_64 1.0.1 20.90 120.67 141.57 NOTE
r-release-linux-x86_64 1.0.1 15.39 102.39 117.78 NOTE
r-release-macos-arm64 1.0.1 68.00 NOTE
r-release-macos-x86_64 1.0.1 124.00 NOTE
r-release-windows-x86_64 1.0.1 22.00 191.00 213.00 NOTE
r-oldrel-macos-arm64 1.0.1 63.00 NOTE
r-oldrel-macos-x86_64 1.0.1 88.00 NOTE
r-oldrel-windows-x86_64 1.0.1 16.00 151.00 167.00 NOTE

Check Details

Version: 1.0.1
Check: C++ specification
Result: NOTE Specified C++11: please drop specification unless essential Flavors: r-devel-linux-x86_64-debian-clang, r-devel-linux-x86_64-debian-gcc, r-devel-linux-x86_64-fedora-clang, r-devel-linux-x86_64-fedora-gcc, r-devel-windows-x86_64, r-patched-linux-x86_64, r-release-linux-x86_64, r-release-macos-arm64, r-release-macos-x86_64, r-release-windows-x86_64, r-oldrel-macos-arm64, r-oldrel-macos-x86_64, r-oldrel-windows-x86_64