Last updated on 2025-01-18 04:48:24 CET.
Flavor | Version | Tinstall | Tcheck | Ttotal | Status | Flags |
---|---|---|---|---|---|---|
r-devel-linux-x86_64-debian-clang | 1.0.1 | 12.82 | 90.18 | 103.00 | NOTE | |
r-devel-linux-x86_64-debian-gcc | 1.0.1 | 9.13 | 53.84 | 62.97 | NOTE | |
r-devel-linux-x86_64-fedora-clang | 1.0.1 | 132.70 | NOTE | |||
r-devel-linux-x86_64-fedora-gcc | 1.0.1 | 159.07 | NOTE | |||
r-devel-windows-x86_64 | 1.0.1 | 15.00 | 178.00 | 193.00 | NOTE | |
r-patched-linux-x86_64 | 1.0.1 | 12.92 | 63.73 | 76.65 | NOTE | |
r-release-linux-x86_64 | 1.0.1 | 12.36 | 55.94 | 68.30 | NOTE | |
r-release-macos-arm64 | 1.0.1 | 68.00 | NOTE | |||
r-release-macos-x86_64 | 1.0.1 | 124.00 | NOTE | |||
r-release-windows-x86_64 | 1.0.1 | 16.00 | 173.00 | 189.00 | NOTE | |
r-oldrel-macos-arm64 | 1.0.1 | 63.00 | NOTE | |||
r-oldrel-macos-x86_64 | 1.0.1 | 88.00 | NOTE | |||
r-oldrel-windows-x86_64 | 1.0.1 | 16.00 | 153.00 | 169.00 | NOTE |
Version: 1.0.1
Check: C++ specification
Result: NOTE
Specified C++11: please drop specification unless essential
Flavors: r-devel-linux-x86_64-debian-clang, r-devel-linux-x86_64-debian-gcc, r-devel-linux-x86_64-fedora-clang, r-devel-linux-x86_64-fedora-gcc, r-devel-windows-x86_64, r-patched-linux-x86_64, r-release-linux-x86_64, r-release-macos-arm64, r-release-macos-x86_64, r-release-windows-x86_64, r-oldrel-macos-arm64, r-oldrel-macos-x86_64, r-oldrel-windows-x86_64