Last updated on 2025-01-18 04:48:24 CET.
Flavor | Version | Tinstall | Tcheck | Ttotal | Status | Flags |
---|---|---|---|---|---|---|
r-devel-linux-x86_64-debian-clang | 1.2.2 | 47.84 | 150.79 | 198.63 | OK | |
r-devel-linux-x86_64-debian-gcc | 1.2.2 | 32.56 | 105.11 | 137.67 | OK | |
r-devel-linux-x86_64-fedora-clang | 1.2.2 | 362.13 | OK | |||
r-devel-linux-x86_64-fedora-gcc | 1.2.2 | 357.22 | OK | |||
r-devel-windows-x86_64 | 1.2.2 | 56.00 | 180.00 | 236.00 | OK | |
r-patched-linux-x86_64 | 1.2.2 | 48.07 | 145.92 | 193.99 | OK | |
r-release-linux-x86_64 | 1.2.2 | 47.84 | 142.16 | 190.00 | NOTE | |
r-release-macos-arm64 | 1.2.2 | 102.00 | OK | |||
r-release-macos-x86_64 | 1.2.2 | 142.00 | OK | |||
r-release-windows-x86_64 | 1.2.2 | 57.00 | 176.00 | 233.00 | OK | |
r-oldrel-macos-arm64 | 1.2.2 | 98.00 | OK | |||
r-oldrel-macos-x86_64 | 1.2.2 | 234.00 | OK | |||
r-oldrel-windows-x86_64 | 1.2.2 | 62.00 | 224.00 | 286.00 | OK |
Version: 1.2.2
Check: package dependencies
Result: NOTE
Package suggested but not available for checking: ‘hasseDiagram’
Flavor: r-release-linux-x86_64