CRAN Package Check Results for Package fastrmodels

Last updated on 2024-07-22 15:57:21 CEST.

Flavor Version Tinstall Tcheck Ttotal Status Flags
r-devel-linux-x86_64-debian-clang 1.0.2 45.00 73.83 118.83 OK
r-devel-linux-x86_64-debian-gcc 1.0.2 43.47 56.41 99.88 OK
r-devel-linux-x86_64-fedora-clang 1.0.2 168.81 NOTE
r-devel-linux-x86_64-fedora-gcc 1.0.2 159.59 OK
r-devel-windows-x86_64 1.0.2 50.00 72.00 122.00 NOTE
r-patched-linux-x86_64 1.0.2 45.58 70.59 116.17 OK
r-release-linux-x86_64 1.0.2 46.54 70.38 116.92 OK
r-release-macos-arm64 1.0.2 66.00 NOTE
r-release-macos-x86_64 1.0.2 85.00 NOTE
r-release-windows-x86_64 1.0.2 48.00 72.00 120.00 NOTE
r-oldrel-macos-arm64 1.0.2 79.00 NOTE
r-oldrel-macos-x86_64 1.0.2 106.00 NOTE
r-oldrel-windows-x86_64 1.0.2 60.00 85.00 145.00 NOTE

Check Details

Version: 1.0.2
Check: installed package size
Result: NOTE installed size is 15.8Mb sub-directories of 1Mb or more: data 15.7Mb Flavors: r-devel-linux-x86_64-fedora-clang, r-devel-windows-x86_64, r-release-macos-arm64, r-release-macos-x86_64, r-release-windows-x86_64, r-oldrel-macos-arm64, r-oldrel-macos-x86_64, r-oldrel-windows-x86_64