CRAN Package Check Results for Package fastpos

Last updated on 2024-07-21 15:53:33 CEST.

Flavor Version Tinstall Tcheck Ttotal Status Flags
r-devel-linux-x86_64-debian-clang 0.5.1 29.49 109.16 138.65 NOTE
r-devel-linux-x86_64-debian-gcc 0.5.1 19.37 76.96 96.33 NOTE
r-devel-linux-x86_64-fedora-clang 0.5.1 162.01 NOTE
r-devel-linux-x86_64-fedora-gcc 0.5.1 161.13 NOTE
r-devel-windows-x86_64 0.5.1 24.00 114.00 138.00 NOTE
r-patched-linux-x86_64 0.5.1 28.66 82.61 111.27 NOTE
r-release-linux-x86_64 0.5.1 32.27 84.96 117.23 NOTE
r-release-macos-arm64 0.5.1 41.00 NOTE
r-release-macos-x86_64 0.5.1 62.00 NOTE
r-release-windows-x86_64 0.5.1 30.00 100.00 130.00 NOTE
r-oldrel-macos-arm64 0.5.1 46.00 NOTE
r-oldrel-macos-x86_64 0.5.1 72.00 NOTE
r-oldrel-windows-x86_64 0.5.1 37.00 124.00 161.00 NOTE

Check Details

Version: 0.5.1
Check: C++ specification
Result: NOTE Specified C++11: please drop specification unless essential Flavors: r-devel-linux-x86_64-debian-clang, r-devel-linux-x86_64-debian-gcc, r-devel-linux-x86_64-fedora-clang, r-devel-linux-x86_64-fedora-gcc, r-devel-windows-x86_64, r-patched-linux-x86_64, r-release-linux-x86_64, r-release-macos-arm64, r-release-macos-x86_64, r-release-windows-x86_64, r-oldrel-macos-arm64, r-oldrel-macos-x86_64, r-oldrel-windows-x86_64