CRAN Package Check Results for Package fastglm

Last updated on 2021-11-30 03:56:55 CET.

Flavor Version Tinstall Tcheck Ttotal Status Flags
r-devel-linux-x86_64-debian-clang 0.0.1 97.59 59.50 157.09 NOTE
r-devel-linux-x86_64-debian-gcc 0.0.1 81.04 49.31 130.35 NOTE
r-devel-linux-x86_64-fedora-clang 0.0.1 231.14 NOTE
r-devel-linux-x86_64-fedora-gcc 0.0.1 226.89 OK
r-devel-windows-x86_64-new-UL 0.0.1 114.00 146.00 260.00 NOTE
r-devel-windows-x86_64-new-TK 0.0.1 OK
r-devel-windows-x86_64-old 0.0.1 116.00 101.00 217.00 NOTE
r-patched-linux-x86_64 0.0.1 99.12 61.81 160.93 NOTE
r-patched-solaris-x86 0.0.1 184.20 OK
r-release-linux-x86_64 0.0.1 92.84 63.75 156.59 NOTE
r-release-macos-arm64 0.0.1 NOTE
r-release-macos-x86_64 0.0.1 NOTE
r-release-windows-ix86+x86_64 0.0.1 222.00 95.00 317.00 NOTE
r-oldrel-macos-x86_64 0.0.1 NOTE
r-oldrel-windows-ix86+x86_64 0.0.1 159.00 110.00 269.00 NOTE

Check Details

Version: 0.0.1
Check: package vignettes
Result: NOTE
    Package vignette with placeholder title 'Vignette Title':
     'quick-usage-guide-to-the-fastglm-package.Rmd'
Flavors: r-devel-linux-x86_64-debian-clang, r-devel-linux-x86_64-debian-gcc, r-devel-windows-x86_64-new-UL, r-devel-windows-x86_64-old, r-patched-linux-x86_64, r-release-linux-x86_64, r-release-windows-ix86+x86_64, r-oldrel-windows-ix86+x86_64

Version: 0.0.1
Check: installed package size
Result: NOTE
     installed size is 37.9Mb
     sub-directories of 1Mb or more:
     libs 37.7Mb
Flavors: r-devel-linux-x86_64-fedora-clang, r-release-macos-arm64, r-release-macos-x86_64, r-oldrel-macos-x86_64