CRAN Package Check Results for Package fastclime

Last updated on 2022-09-30 04:59:08 CEST.

Flavor Version Tinstall Tcheck Ttotal Status Flags
r-devel-linux-x86_64-debian-clang 1.4.1 12.90 100.49 113.39 NOTE
r-devel-linux-x86_64-debian-gcc 1.4.1 11.27 78.75 90.02 NOTE
r-devel-linux-x86_64-fedora-clang 1.4.1 151.22 NOTE
r-devel-linux-x86_64-fedora-gcc 1.4.1 166.63 NOTE
r-devel-windows-x86_64 1.4.1 27.00 141.00 168.00 OK
r-patched-linux-x86_64 1.4.1 12.75 96.21 108.96 NOTE
r-release-linux-x86_64 1.4.1 11.33 99.13 110.46 NOTE
r-release-macos-arm64 1.4.1 44.00 OK
r-release-macos-x86_64 1.4.1 57.00 OK
r-release-windows-x86_64 1.4.1 21.00 140.00 161.00 OK
r-oldrel-macos-arm64 1.4.1 55.00 OK
r-oldrel-macos-x86_64 1.4.1 80.00 OK
r-oldrel-windows-ix86+x86_64 1.4.1 32.00 170.00 202.00 OK

Check Details

Version: 1.4.1
Check: for non-standard things in the check directory
Result: NOTE
    Found the following files/directories:
     'default5.eps'
Flavors: r-devel-linux-x86_64-debian-clang, r-devel-linux-x86_64-debian-gcc, r-devel-linux-x86_64-fedora-clang, r-devel-linux-x86_64-fedora-gcc, r-patched-linux-x86_64, r-release-linux-x86_64

Version: 1.4.1
Check: compiled code
Result: NOTE
    File ‘fastclime/libs/fastclime.so’:
     Found no calls to: ‘R_registerRoutines’, ‘R_useDynamicSymbols’
    
    It is good practice to register native routines and to disable symbol
    search.
    
    See ‘Writing portable packages’ in the ‘Writing R Extensions’ manual.
Flavors: r-devel-linux-x86_64-fedora-clang, r-devel-linux-x86_64-fedora-gcc