Last updated on 2025-04-23 03:50:16 CEST.
Flavor | Version | Tinstall | Tcheck | Ttotal | Status | Flags |
---|---|---|---|---|---|---|
r-devel-linux-x86_64-debian-clang | 0.6.1 | 47.89 | 99.53 | 147.42 | OK | |
r-devel-linux-x86_64-debian-gcc | 0.6.1 | 35.58 | 68.67 | 104.25 | OK | |
r-devel-linux-x86_64-fedora-clang | 0.6.1 | 248.05 | OK | |||
r-devel-linux-x86_64-fedora-gcc | 0.6.1 | 233.64 | OK | |||
r-devel-windows-x86_64 | 0.6.1 | 54.00 | 137.00 | 191.00 | OK | |
r-patched-linux-x86_64 | 0.6.1 | 47.61 | 93.97 | 141.58 | OK | |
r-release-linux-x86_64 | 0.6.1 | 46.20 | 95.29 | 141.49 | OK | |
r-release-macos-arm64 | 0.6.1 | 65.00 | OK | |||
r-release-macos-x86_64 | 0.6.1 | 117.00 | OK | |||
r-release-windows-x86_64 | 0.6.1 | 54.00 | 134.00 | 188.00 | OK | |
r-oldrel-macos-arm64 | 0.6.1 | 59.00 | NOTE | |||
r-oldrel-macos-x86_64 | 0.6.1 | 106.00 | NOTE | |||
r-oldrel-windows-x86_64 | 0.6.1 | 65.00 | 166.00 | 231.00 | NOTE |
Version: 0.6.1
Check: installed package size
Result: NOTE
installed size is 8.5Mb
sub-directories of 1Mb or more:
data 5.6Mb
libs 2.6Mb
Flavors: r-oldrel-macos-arm64, r-oldrel-macos-x86_64, r-oldrel-windows-x86_64