CRAN Package Check Results for Package fasstr

Last updated on 2021-10-24 15:51:02 CEST.

Flavor Version Tinstall Tcheck Ttotal Status Flags
r-devel-linux-x86_64-debian-clang 0.3.3 15.12 92.88 108.00 OK
r-devel-linux-x86_64-debian-gcc 0.3.3 10.07 69.26 79.33 OK
r-devel-linux-x86_64-fedora-clang 0.3.3 137.29 OK
r-devel-linux-x86_64-fedora-gcc 0.3.3 130.58 OK
r-devel-windows-x86_64 0.3.3 20.00 132.00 152.00 OK
r-devel-windows-x86_64-gcc10-UCRT 0.3.3 OK
r-patched-linux-x86_64 0.3.3 12.91 92.11 105.02 OK
r-patched-solaris-x86 0.3.3 137.90 OK
r-release-linux-x86_64 0.3.3 11.71 92.31 104.02 OK
r-release-macos-arm64 0.3.2 NOTE
r-release-macos-x86_64 0.3.3 OK
r-release-windows-ix86+x86_64 0.3.2 19.00 122.00 141.00 NOTE
r-oldrel-macos-x86_64 0.3.3 OK
r-oldrel-windows-ix86+x86_64 0.3.3 16.00 88.00 104.00 OK

Check Details

Version: 0.3.2
Check: LazyData
Result: NOTE
     'LazyData' is specified without a 'data' directory
Flavors: r-release-macos-arm64, r-release-windows-ix86+x86_64