CRAN Package Check Results for Package farrell

Last updated on 2024-07-14 15:54:47 CEST.

Flavor Version Tinstall Tcheck Ttotal Status Flags
r-devel-linux-x86_64-debian-clang 0.2.1 3.09 28.28 31.37 NOTE
r-devel-linux-x86_64-debian-gcc 0.2.1 2.24 21.85 24.09 NOTE
r-devel-linux-x86_64-fedora-clang 0.2.1 41.02 NOTE
r-devel-linux-x86_64-fedora-gcc 0.2.1 54.37 NOTE
r-devel-windows-x86_64 0.2.1 6.00 44.00 50.00 NOTE
r-patched-linux-x86_64 0.2.1 2.03 27.02 29.05 NOTE
r-release-linux-x86_64 0.2.1 1.88 27.70 29.58 NOTE
r-release-macos-arm64 0.2.1 23.00 NOTE
r-release-macos-x86_64 0.2.1 39.00 NOTE
r-release-windows-x86_64 0.2.1 4.00 44.00 48.00 NOTE
r-oldrel-macos-arm64 0.2.1 24.00 NOTE
r-oldrel-macos-x86_64 0.2.1 29.00 NOTE
r-oldrel-windows-x86_64 0.2.1 4.00 44.00 48.00 NOTE

Check Details

Version: 0.2.1
Check: LazyData
Result: NOTE 'LazyData' is specified without a 'data' directory Flavors: r-devel-linux-x86_64-debian-clang, r-devel-linux-x86_64-debian-gcc, r-devel-linux-x86_64-fedora-clang, r-devel-linux-x86_64-fedora-gcc, r-devel-windows-x86_64, r-patched-linux-x86_64, r-release-linux-x86_64, r-release-macos-arm64, r-release-macos-x86_64, r-release-windows-x86_64, r-oldrel-macos-arm64, r-oldrel-macos-x86_64, r-oldrel-windows-x86_64

Version: 0.2.1
Check: dependencies in R code
Result: NOTE Namespace in Imports field not imported from: ‘rlang’ All declared Imports should be used. Flavors: r-devel-linux-x86_64-fedora-clang, r-devel-linux-x86_64-fedora-gcc