CRAN Package Check Results for Package familiar

Last updated on 2024-06-13 03:49:17 CEST.

Flavor Version Tinstall Tcheck Ttotal Status Flags
r-devel-linux-x86_64-debian-clang 1.4.8 80.25 791.01 871.26 OK
r-devel-linux-x86_64-debian-gcc 1.4.8 67.37 260.60 327.97 ERROR
r-devel-linux-x86_64-fedora-clang 1.4.8 1118.36 NOTE
r-devel-linux-x86_64-fedora-gcc 1.4.8 1034.45 OK
r-devel-windows-x86_64 1.4.8 61.00 401.00 462.00 NOTE
r-patched-linux-x86_64 1.4.8 82.18 750.77 832.95 OK
r-release-linux-x86_64 1.4.8 66.45 757.51 823.96 OK
r-release-macos-arm64 1.4.8 265.00 NOTE
r-release-macos-x86_64 1.4.8 434.00 NOTE
r-release-windows-x86_64 1.4.8 59.00 399.00 458.00 NOTE
r-oldrel-macos-arm64 1.4.8 225.00 NOTE
r-oldrel-macos-x86_64 1.4.8 485.00 NOTE
r-oldrel-windows-x86_64 1.4.8 83.00 521.00 604.00 NOTE

Check Details

Version: 1.4.8
Check: package dependencies
Result: NOTE Packages suggested but not available for checking: 'Ecdat', 'ggplot2', 'qvalue', 'randomForestSRC', 'testthat' Flavor: r-devel-linux-x86_64-debian-gcc

Version: 1.4.8
Check: tests
Result: ERROR Running ‘testthat.R’ [0s/1s] Running the tests in ‘tests/testthat.R’ failed. Complete output: > library(testthat) Error in library(testthat) : there is no package called 'testthat' Execution halted Flavor: r-devel-linux-x86_64-debian-gcc

Version: 1.4.8
Check: installed package size
Result: NOTE installed size is 5.9Mb sub-directories of 1Mb or more: R 3.5Mb help 1.2Mb Flavors: r-devel-linux-x86_64-fedora-clang, r-devel-windows-x86_64, r-release-macos-arm64, r-release-macos-x86_64, r-release-windows-x86_64, r-oldrel-macos-arm64, r-oldrel-macos-x86_64, r-oldrel-windows-x86_64