Last updated on 2023-02-05 15:55:13 CET.
Flavor | Version | Tinstall | Tcheck | Ttotal | Status | Flags |
---|---|---|---|---|---|---|
r-devel-linux-x86_64-debian-clang | 0.2.0 | 9.02 | 77.53 | 86.55 | NOTE | |
r-devel-linux-x86_64-debian-gcc | 0.2.0 | 6.68 | 59.34 | 66.02 | NOTE | |
r-devel-linux-x86_64-fedora-clang | 0.2.0 | 106.52 | NOTE | |||
r-devel-linux-x86_64-fedora-gcc | 0.2.0 | 115.76 | NOTE | |||
r-devel-windows-x86_64 | 0.2.0 | 29.00 | 111.00 | 140.00 | NOTE | |
r-patched-linux-x86_64 | 0.2.0 | 9.18 | 75.21 | 84.39 | OK | |
r-release-linux-x86_64 | 0.2.0 | 9.18 | 74.54 | 83.72 | OK | |
r-release-macos-arm64 | 0.2.0 | 34.00 | OK | |||
r-release-macos-x86_64 | 0.2.0 | 50.00 | OK | |||
r-release-windows-x86_64 | 0.2.0 | 26.00 | 118.00 | 144.00 | OK | |
r-oldrel-macos-arm64 | 0.2.0 | 43.00 | OK | |||
r-oldrel-macos-x86_64 | 0.2.0 | 62.00 | OK | |||
r-oldrel-windows-ix86+x86_64 | 0.2.0 | 19.00 | 102.00 | 121.00 | OK |
Version: 0.2.0
Check: package subdirectories
Result: NOTE
Problems with news in ‘NEWS.md’:
Cannot extract version info from the following section titles:
minor changes
Flavors: r-devel-linux-x86_64-debian-clang, r-devel-linux-x86_64-debian-gcc, r-devel-linux-x86_64-fedora-clang, r-devel-linux-x86_64-fedora-gcc, r-devel-windows-x86_64