CRAN Package Check Results for Package facerec

Last updated on 2021-10-27 04:00:08 CEST.

Flavor Version Tinstall Tcheck Ttotal Status Flags
r-devel-linux-x86_64-debian-clang 0.1.0 4.13 46.57 50.70 NOTE
r-devel-linux-x86_64-debian-gcc 0.1.0 3.33 34.49 37.82 NOTE
r-devel-linux-x86_64-fedora-clang 0.1.0 70.98 NOTE
r-devel-linux-x86_64-fedora-gcc 0.1.0 59.80 NOTE
r-devel-windows-x86_64 0.1.0 9.00 68.00 77.00 NOTE
r-devel-windows-x86_64-gcc10-UCRT 0.1.0 NOTE
r-patched-linux-x86_64 0.1.0 4.45 41.38 45.83 NOTE
r-patched-solaris-x86 0.1.0 89.90 NOTE
r-release-linux-x86_64 0.1.0 3.92 42.03 45.95 NOTE
r-release-macos-arm64 0.1.0 NOTE
r-release-macos-x86_64 0.1.0 NOTE
r-release-windows-ix86+x86_64 0.1.0 10.00 62.00 72.00 NOTE
r-oldrel-macos-x86_64 0.1.0 OK
r-oldrel-windows-ix86+x86_64 0.1.0 12.00 60.00 72.00 OK

Check Details

Version: 0.1.0
Check: LazyData
Result: NOTE
     'LazyData' is specified without a 'data' directory
Flavors: r-devel-linux-x86_64-debian-clang, r-devel-linux-x86_64-debian-gcc, r-devel-linux-x86_64-fedora-clang, r-devel-linux-x86_64-fedora-gcc, r-devel-windows-x86_64, r-devel-windows-x86_64-gcc10-UCRT, r-patched-linux-x86_64, r-patched-solaris-x86, r-release-linux-x86_64, r-release-macos-arm64, r-release-macos-x86_64, r-release-windows-ix86+x86_64