CRAN Package Check Results for Package facerec

Last updated on 2024-06-15 15:49:06 CEST.

Flavor Version Tinstall Tcheck Ttotal Status Flags
r-devel-linux-x86_64-debian-clang 0.1.0 6.13 48.69 54.82 NOTE
r-devel-linux-x86_64-debian-gcc 0.1.0 3.94 36.67 40.61 NOTE
r-devel-linux-x86_64-fedora-clang 0.1.0 72.05 NOTE
r-devel-linux-x86_64-fedora-gcc 0.1.0 75.14 NOTE
r-devel-windows-x86_64 0.1.0 6.00 58.00 64.00 NOTE
r-patched-linux-x86_64 0.1.0 5.82 46.93 52.75 NOTE
r-release-linux-x86_64 0.1.0 5.78 46.84 52.62 NOTE
r-release-macos-arm64 0.1.0 29.00 NOTE
r-release-macos-x86_64 0.1.0 43.00 NOTE
r-release-windows-x86_64 0.1.0 7.00 58.00 65.00 NOTE
r-oldrel-macos-arm64 0.1.0 30.00 NOTE
r-oldrel-macos-x86_64 0.1.0 43.00 NOTE
r-oldrel-windows-x86_64 0.1.0 7.00 65.00 72.00 NOTE

Check Details

Version: 0.1.0
Check: LazyData
Result: NOTE 'LazyData' is specified without a 'data' directory Flavors: r-devel-linux-x86_64-debian-clang, r-devel-linux-x86_64-debian-gcc, r-devel-linux-x86_64-fedora-clang, r-devel-linux-x86_64-fedora-gcc, r-devel-windows-x86_64, r-patched-linux-x86_64, r-release-linux-x86_64, r-release-macos-arm64, r-release-macos-x86_64, r-release-windows-x86_64, r-oldrel-macos-arm64, r-oldrel-macos-x86_64, r-oldrel-windows-x86_64