CRAN Package Check Results for Package face

Last updated on 2024-07-20 15:48:43 CEST.

Flavor Version Tinstall Tcheck Ttotal Status Flags
r-devel-linux-x86_64-debian-clang 0.1-7 7.35 70.70 78.05 OK
r-devel-linux-x86_64-debian-gcc 0.1-7 6.54 53.85 60.39 OK
r-devel-linux-x86_64-fedora-clang 0.1-7 100.66 OK
r-devel-linux-x86_64-fedora-gcc 0.1-7 95.22 OK
r-devel-windows-x86_64 0.1-7 8.00 73.00 81.00 NOTE
r-patched-linux-x86_64 0.1-7 7.92 68.32 76.24 OK
r-release-linux-x86_64 0.1-7 9.23 66.97 76.20 OK
r-release-macos-arm64 0.1-7 31.00 OK
r-release-macos-x86_64 0.1-7 46.00 OK
r-release-windows-x86_64 0.1-7 7.00 73.00 80.00 OK
r-oldrel-macos-arm64 0.1-7 34.00 OK
r-oldrel-macos-x86_64 0.1-7 54.00 OK
r-oldrel-windows-x86_64 0.1-7 10.00 83.00 93.00 OK

Check Details

Version: 0.1-7
Check: Rd cross-references
Result: NOTE Found the following Rd file(s) with Rd \link{} targets missing package anchors: pspline.Rd: gam, mgcv Please provide package anchors for all Rd \link{} targets not in the package itself and the base packages. Flavor: r-devel-windows-x86_64