CRAN Package Check Results for Package fable.prophet

Last updated on 2021-10-27 04:00:08 CEST.

Flavor Version Tinstall Tcheck Ttotal Status Flags
r-devel-linux-x86_64-debian-clang 0.1.0 7.87 126.94 134.81 NOTE
r-devel-linux-x86_64-debian-gcc 0.1.0 6.17 91.59 97.76 NOTE
r-devel-linux-x86_64-fedora-clang 0.1.0 163.66 NOTE
r-devel-linux-x86_64-fedora-gcc 0.1.0 156.86 NOTE
r-devel-windows-x86_64 0.1.0 12.00 157.00 169.00 NOTE
r-devel-windows-x86_64-gcc10-UCRT 0.1.0 NOTE
r-patched-linux-x86_64 0.1.0 7.48 118.45 125.93 NOTE
r-patched-solaris-x86 0.1.0 177.60 NOTE
r-release-linux-x86_64 0.1.0 7.39 118.07 125.46 NOTE
r-release-macos-arm64 0.1.0 NOTE
r-release-macos-x86_64 0.1.0 NOTE
r-release-windows-ix86+x86_64 0.1.0 13.00 156.00 169.00 NOTE
r-oldrel-macos-x86_64 0.1.0 OK
r-oldrel-windows-ix86+x86_64 0.1.0 20.00 164.00 184.00 OK

Check Details

Version: 0.1.0
Check: LazyData
Result: NOTE
     'LazyData' is specified without a 'data' directory
Flavors: r-devel-linux-x86_64-debian-clang, r-devel-linux-x86_64-debian-gcc, r-devel-linux-x86_64-fedora-clang, r-devel-linux-x86_64-fedora-gcc, r-devel-windows-x86_64, r-devel-windows-x86_64-gcc10-UCRT, r-patched-linux-x86_64, r-patched-solaris-x86, r-release-linux-x86_64, r-release-macos-arm64, r-release-macos-x86_64, r-release-windows-ix86+x86_64

Version: 0.1.0
Check: Rd cross-references
Result: NOTE
    Undeclared package ‘tibble’ in Rd xrefs
Flavor: r-devel-linux-x86_64-fedora-clang