CRAN Package Check Results for Package fable

Last updated on 2022-01-21 16:50:52 CET.

Flavor Version Tinstall Tcheck Ttotal Status Flags
r-devel-linux-x86_64-debian-clang 0.3.1 26.69 211.58 238.27 OK
r-devel-linux-x86_64-debian-gcc 0.3.1 24.22 156.16 180.38 OK
r-devel-linux-x86_64-fedora-clang 0.3.1 297.42 NOTE
r-devel-linux-x86_64-fedora-gcc 0.3.1 293.27 OK
r-devel-windows-x86_64-new-UL 0.3.1 102.00 276.00 378.00 OK
r-devel-windows-x86_64-new-TK 0.3.1 OK
r-patched-linux-x86_64 0.3.1 27.80 207.01 234.81 OK
r-release-linux-x86_64 0.3.1 28.81 204.67 233.48 OK
r-release-macos-arm64 0.3.1 OK
r-release-macos-x86_64 0.3.1 OK
r-release-windows-ix86+x86_64 0.3.1 72.00 443.00 515.00 OK
r-oldrel-macos-x86_64 0.3.1 OK
r-oldrel-windows-ix86+x86_64 0.3.1 73.00 432.00 505.00 OK

Check Details

Version: 0.3.1
Check: Rd cross-references
Result: NOTE
    Undeclared package ‘lmtest’ in Rd xrefs
Flavor: r-devel-linux-x86_64-fedora-clang