CRAN Package Check Results for Package fOptions

Last updated on 2022-01-27 15:53:34 CET.

Flavor Version Tinstall Tcheck Ttotal Status Flags
r-devel-linux-x86_64-debian-clang 3042.86 11.19 76.11 87.30 NOTE
r-devel-linux-x86_64-debian-gcc 3042.86 7.67 59.00 66.67 NOTE
r-devel-linux-x86_64-fedora-clang 3042.86 101.50 NOTE
r-devel-linux-x86_64-fedora-gcc 3042.86 94.55 NOTE
r-devel-windows-x86_64-new-UL 3042.86 65.00 95.00 160.00 NOTE
r-devel-windows-x86_64-new-TK 3042.86 NOTE
r-patched-linux-x86_64 3042.86 7.62 71.97 79.59 NOTE
r-release-linux-x86_64 3042.86 9.00 70.91 79.91 NOTE
r-release-macos-arm64 3042.86 NOTE
r-release-macos-x86_64 3042.86 NOTE
r-release-windows-ix86+x86_64 3042.86 23.00 115.00 138.00 NOTE
r-oldrel-macos-x86_64 3042.86 OK
r-oldrel-windows-ix86+x86_64 3042.86 23.00 111.00 134.00 OK

Check Details

Version: 3042.86
Check: LazyData
Result: NOTE
     'LazyData' is specified without a 'data' directory
Flavors: r-devel-linux-x86_64-debian-clang, r-devel-linux-x86_64-debian-gcc, r-devel-linux-x86_64-fedora-clang, r-devel-linux-x86_64-fedora-gcc, r-devel-windows-x86_64-new-UL, r-devel-windows-x86_64-new-TK, r-patched-linux-x86_64, r-release-linux-x86_64, r-release-macos-arm64, r-release-macos-x86_64, r-release-windows-ix86+x86_64

Version: 3042.86
Check: compiled code
Result: NOTE
    File ‘fOptions/libs/fOptions.so’:
     Found no calls to: ‘R_registerRoutines’, ‘R_useDynamicSymbols’
    
    It is good practice to register native routines and to disable symbol
    search.
    
    See ‘Writing portable packages’ in the ‘Writing R Extensions’ manual.
Flavors: r-devel-linux-x86_64-fedora-clang, r-devel-linux-x86_64-fedora-gcc