CRAN Package Check Results for Package fNonlinear

Last updated on 2022-01-22 15:52:12 CET.

Flavor Version Tinstall Tcheck Ttotal Status Flags
r-devel-linux-x86_64-debian-clang 3042.79 5.23 85.74 90.97 NOTE
r-devel-linux-x86_64-debian-gcc 3042.79 5.56 64.13 69.69 NOTE
r-devel-linux-x86_64-fedora-clang 3042.79 110.33 NOTE
r-devel-linux-x86_64-fedora-gcc 3042.79 107.09 NOTE
r-devel-windows-x86_64-new-UL 3042.79 33.00 111.00 144.00 NOTE
r-devel-windows-x86_64-new-TK 3042.79 NOTE
r-patched-linux-x86_64 3042.79 6.71 84.21 90.92 NOTE
r-release-linux-x86_64 3042.79 6.23 84.56 90.79 NOTE
r-release-macos-arm64 3042.79 NOTE
r-release-macos-x86_64 3042.79 NOTE
r-release-windows-ix86+x86_64 3042.79 18.00 145.00 163.00 NOTE
r-oldrel-macos-x86_64 3042.79 OK
r-oldrel-windows-ix86+x86_64 3042.79 17.00 148.00 165.00 OK

Check Details

Version: 3042.79
Check: LazyData
Result: NOTE
     'LazyData' is specified without a 'data' directory
Flavors: r-devel-linux-x86_64-debian-clang, r-devel-linux-x86_64-debian-gcc, r-devel-linux-x86_64-fedora-clang, r-devel-linux-x86_64-fedora-gcc, r-devel-windows-x86_64-new-UL, r-devel-windows-x86_64-new-TK, r-patched-linux-x86_64, r-release-linux-x86_64, r-release-macos-arm64, r-release-macos-x86_64, r-release-windows-ix86+x86_64

Version: 3042.79
Check: compiled code
Result: NOTE
    File ‘fNonlinear/libs/fNonlinear.so’:
     Found no calls to: ‘R_registerRoutines’, ‘R_useDynamicSymbols’
    
    It is good practice to register native routines and to disable symbol
    search.
    
    See ‘Writing portable packages’ in the ‘Writing R Extensions’ manual.
Flavors: r-devel-linux-x86_64-fedora-clang, r-devel-linux-x86_64-fedora-gcc