CRAN Package Check Results for Package fBonds

Last updated on 2022-01-23 15:49:07 CET.

Flavor Version Tinstall Tcheck Ttotal Status Flags
r-devel-linux-x86_64-debian-clang 3042.78 3.30 55.01 58.31 NOTE
r-devel-linux-x86_64-debian-gcc 3042.78 4.00 47.06 51.06 NOTE
r-devel-linux-x86_64-fedora-clang 3042.78 74.03 NOTE
r-devel-linux-x86_64-fedora-gcc 3042.78 66.25 NOTE
r-devel-windows-x86_64-new-UL 3042.78 14.00 72.00 86.00 NOTE
r-devel-windows-x86_64-new-TK 3042.78 NOTE
r-patched-linux-x86_64 3042.78 4.42 53.40 57.82 NOTE
r-release-linux-x86_64 3042.78 5.59 54.17 59.76 NOTE
r-release-macos-arm64 3042.78 NOTE
r-release-macos-x86_64 3042.78 NOTE
r-release-windows-ix86+x86_64 3042.78 12.00 65.00 77.00 NOTE
r-oldrel-macos-x86_64 3042.78 OK
r-oldrel-windows-ix86+x86_64 3042.78 13.00 67.00 80.00 OK

Check Details

Version: 3042.78
Check: LazyData
Result: NOTE
     'LazyData' is specified without a 'data' directory
Flavors: r-devel-linux-x86_64-debian-clang, r-devel-linux-x86_64-debian-gcc, r-devel-linux-x86_64-fedora-clang, r-devel-linux-x86_64-fedora-gcc, r-devel-windows-x86_64-new-UL, r-devel-windows-x86_64-new-TK, r-patched-linux-x86_64, r-release-linux-x86_64, r-release-macos-arm64, r-release-macos-x86_64, r-release-windows-ix86+x86_64