CRAN Package Check Results for Package ezr

Last updated on 2022-01-27 04:05:21 CET.

Flavor Version Tinstall Tcheck Ttotal Status Flags
r-devel-linux-x86_64-debian-clang 0.1.5 6.56 75.76 82.32 NOTE
r-devel-linux-x86_64-debian-gcc 0.1.5 5.53 55.56 61.09 NOTE
r-devel-linux-x86_64-fedora-clang 0.1.5 97.24 NOTE
r-devel-linux-x86_64-fedora-gcc 0.1.5 85.57 NOTE
r-devel-windows-x86_64-new-UL 0.1.5 20.00 89.00 109.00 NOTE
r-devel-windows-x86_64-new-TK 0.1.5 ERROR
r-patched-linux-x86_64 0.1.5 4.26 68.27 72.53 NOTE
r-release-linux-x86_64 0.1.5 5.19 67.79 72.98 NOTE
r-release-macos-arm64 0.1.5 NOTE
r-release-macos-x86_64 0.1.5 NOTE
r-release-windows-ix86+x86_64 0.1.5 18.00 81.00 99.00 NOTE
r-oldrel-macos-x86_64 0.1.5 OK
r-oldrel-windows-ix86+x86_64 0.1.5 19.00 79.00 98.00 OK

Check Details

Version: 0.1.5
Check: LazyData
Result: NOTE
     'LazyData' is specified without a 'data' directory
Flavors: r-devel-linux-x86_64-debian-clang, r-devel-linux-x86_64-debian-gcc, r-devel-linux-x86_64-fedora-clang, r-devel-linux-x86_64-fedora-gcc, r-devel-windows-x86_64-new-UL, r-patched-linux-x86_64, r-release-linux-x86_64, r-release-macos-arm64, r-release-macos-x86_64, r-release-windows-ix86+x86_64

Version: 0.1.5
Check: package dependencies
Result: ERROR
    Package required but not available: 'weights'
    
    See section 'The DESCRIPTION file' in the 'Writing R Extensions'
    manual.
Flavor: r-devel-windows-x86_64-new-TK