CRAN Package Check Results for Package ezknitr

Last updated on 2022-07-03 03:49:55 CEST.

Flavor Version Tinstall Tcheck Ttotal Status Flags
r-devel-linux-x86_64-debian-clang 0.6 2.08 26.89 28.97 NOTE
r-devel-linux-x86_64-debian-gcc 0.6 1.43 21.29 22.72 NOTE
r-devel-linux-x86_64-fedora-clang 0.6 48.79 NOTE
r-devel-linux-x86_64-fedora-gcc 0.6 49.32 NOTE
r-devel-windows-x86_64 0.6 12.00 58.00 70.00 NOTE
r-patched-linux-x86_64 0.6 1.74 26.57 28.31 NOTE
r-release-linux-x86_64 0.6 1.74 26.43 28.17 NOTE
r-release-macos-arm64 0.6 23.00 NOTE
r-release-macos-x86_64 0.6 30.00 NOTE
r-release-windows-x86_64 0.6 11.00 59.00 70.00 NOTE
r-oldrel-macos-arm64 0.6 22.00 NOTE
r-oldrel-macos-x86_64 0.6 30.00 NOTE
r-oldrel-windows-ix86+x86_64 0.6 5.00 46.00 51.00 NOTE

Additional issues

ATLAS

Check Details

Version: 0.6
Check: LazyData
Result: NOTE
     'LazyData' is specified without a 'data' directory
Flavors: r-devel-linux-x86_64-debian-clang, r-devel-linux-x86_64-debian-gcc, r-devel-linux-x86_64-fedora-clang, r-devel-linux-x86_64-fedora-gcc, r-devel-windows-x86_64, r-patched-linux-x86_64, r-release-linux-x86_64, r-release-macos-arm64, r-release-macos-x86_64, r-release-windows-x86_64, r-oldrel-macos-arm64, r-oldrel-macos-x86_64, r-oldrel-windows-ix86+x86_64